-- https://www.phpmyadmin.net/
--

START TRANSACTION;



--
-- Database: `pgrms`
--

-- --------------------------------------------------------

--
-- Table structure for table `blocks`
--

CREATE TABLE `blocks` (
  `id` int(11) NOT NULL,
  `name` varchar(100) NOT NULL,
  `district` varchar(100) NOT NULL
) ENGINE=InnoDB DEFAULT CHARSET=utf8mb4;

--
-- Dumping data for table `blocks`
--

INSERT INTO `blocks` (`id`, `name`, `district`) VALUES
(74, 'Angara', 'Ranchi'),
(75, 'Bero', 'Ranchi'),
(76, 'Bundu', 'Ranchi'),
(77, 'Burmu', 'Ranchi'),
(78, 'Chanho', 'Ranchi'),
(79, 'Itki', 'Ranchi'),
(80, 'Khelari', 'Ranchi'),
(81, 'Kanke', 'Ranchi'),
(82, 'Lapung', 'Ranchi'),
(83, 'Mandar', 'Ranchi'),
(84, 'Nagri', 'Ranchi'),
(85, 'Namkum', 'Ranchi'),
(86, 'Ormanjhi', 'Ranchi'),
(87, 'Rahe', 'Ranchi'),
(88, 'Ratu', 'Ranchi'),
(89, 'Sonahatu', 'Ranchi'),
(90, 'Silli', 'Ranchi'),
(91, 'Tamar', 'Ranchi'),
(92, 'Town', 'Ranchi'),
(93, 'Bargai', 'Ranchi'),
(94, 'Argora', 'Ranchi'),
(95, 'Hehal', 'Ranchi');

-- --------------------------------------------------------

--
-- Table structure for table `call_nature`
--

CREATE TABLE `call_nature` (
  `id` int(11) NOT NULL,
  `nature` varchar(100) NOT NULL
) ENGINE=InnoDB DEFAULT CHARSET=utf8mb4;

--
-- Dumping data for table `call_nature`
--

INSERT INTO `call_nature` (`id`, `nature`) VALUES
(1, 'Complaint'),
(2, 'General Enquery'),
(3, 'Schemes Enquiry'),
(4, 'Suggestion');

-- --------------------------------------------------------

--
-- Table structure for table `complaint_category`
--

CREATE TABLE `complaint_category` (
  `id` int(11) NOT NULL,
  `name` varchar(100) NOT NULL
) ENGINE=InnoDB DEFAULT CHARSET=utf8mb4;

--
-- Dumping data for table `complaint_category`
--

INSERT INTO `complaint_category` (`id`, `name`) VALUES
(1, 'Common Citizen'),
(2, 'Govt. Servent'),
(3, 'Others');

-- --------------------------------------------------------

--
-- Table structure for table `complaint_mode`
--

CREATE TABLE `complaint_mode` (
  `id` int(11) NOT NULL,
  `mode` varchar(150) NOT NULL
) ENGINE=InnoDB DEFAULT CHARSET=utf8mb4;

--
-- Dumping data for table `complaint_mode`
--

INSERT INTO `complaint_mode` (`id`, `mode`) VALUES
(1, 'Telecommunication'),
(2, 'Social Media'),
(3, 'Other Gov. Offices'),
(4, 'Postal'),
(5, 'Online');

-- --------------------------------------------------------

--
-- Table structure for table `department`
--

CREATE TABLE `department` (
  `id` int(11) NOT NULL,
  `department` varchar(100) NOT NULL
) ENGINE=InnoDB DEFAULT CHARSET=utf8mb4;

--
-- Dumping data for table `department`
--

INSERT INTO `department` (`id`, `department`) VALUES
(1, 'Telecaller'),
(2, 'Allocator'),
(3, 'Complaint Coordinator'),
(4, 'Commisionar'),
(5, 'DC'),
(6, 'District Nodel Officer'),
(7, 'Block Level'),
(8, 'Panchayat');

-- --------------------------------------------------------

--
-- Table structure for table `district`
--

CREATE TABLE `district` (
  `id` int(11) NOT NULL,
  `name` varchar(100) NOT NULL
) ENGINE=InnoDB DEFAULT CHARSET=utf8mb4;

--
-- Dumping data for table `district`
--

INSERT INTO `district` (`id`, `name`) VALUES
(1, 'Ranchi');

-- --------------------------------------------------------

--
-- Table structure for table `dlno`
--

CREATE TABLE `dlno` (
  `id` int(11) NOT NULL,
  `name` varchar(100) NOT NULL,
  `officer_id` int(11) NOT NULL
) ENGINE=InnoDB DEFAULT CHARSET=utf8mb4;

--
-- Dumping data for table `dlno`
--

INSERT INTO `dlno` (`id`, `name`, `officer_id`) VALUES
(1, 'DDC', 1),
(2, 'AC', 1),
(3, 'SP', 1),
(4, 'DSO', 1);

-- --------------------------------------------------------

--
-- Table structure for table `feedback`
--

CREATE TABLE `feedback` (
  `id` int(11) NOT NULL,
  `fname` varchar(100) NOT NULL,
  `lname` varchar(100) NOT NULL,
  `message` varchar(1000) NOT NULL,
  `dates` varchar(100) NOT NULL
) ENGINE=InnoDB DEFAULT CHARSET=utf8mb4;

--
-- Dumping data for table `feedback`
--

INSERT INTO `feedback` (`id`, `fname`, `lname`, `message`, `dates`) VALUES
(2, 'Mithun', 'Kumar', 'Plog', '2021-12-23');

-- --------------------------------------------------------

--
-- Table structure for table `forward_officers`
--

CREATE TABLE `forward_officers` (
  `id` int(11) NOT NULL,
  `name` varchar(100) NOT NULL,
  `grievance_action_type` varchar(100) NOT NULL
) ENGINE=InnoDB DEFAULT CHARSET=utf8mb4;

--
-- Dumping data for table `forward_officers`
--

INSERT INTO `forward_officers` (`id`, `name`, `grievance_action_type`) VALUES
(1, 'DDC', 'District Level Nodal Officer'),
(2, 'AC', 'District Level Nodal Officer');

-- --------------------------------------------------------

--
-- Table structure for table `grievance_action`
--

CREATE TABLE `grievance_action` (
  `id` int(11) NOT NULL,
  `action_type` varchar(100) NOT NULL
) ENGINE=InnoDB DEFAULT CHARSET=utf8mb4;

--
-- Dumping data for table `grievance_action`
--

INSERT INTO `grievance_action` (`id`, `action_type`) VALUES
(1, 'Forward'),
(2, 'Disposed');

-- --------------------------------------------------------

--
-- Table structure for table `grievance_action_type`
--

CREATE TABLE `grievance_action_type` (
  `id` int(11) NOT NULL,
  `action_type` varchar(100) NOT NULL,
  `action_name` varchar(100) NOT NULL
) ENGINE=InnoDB DEFAULT CHARSET=utf8mb4;

--
-- Dumping data for table `grievance_action_type`
--

INSERT INTO `grievance_action_type` (`id`, `action_type`, `action_name`) VALUES
(1, 'District Level Nodal Officer', 'Forward'),
(2, 'Block Level Nodal Officer', 'Forward'),
(3, 'Duplicate', 'Disposed'),
(4, 'Judicial', 'Disposed');

-- --------------------------------------------------------

--
-- Table structure for table `grievance_category`
--

CREATE TABLE `grievance_category` (
  `id` int(11) NOT NULL,
  `name` varchar(100) NOT NULL
) ENGINE=InnoDB DEFAULT CHARSET=utf8mb4;

--
-- Dumping data for table `grievance_category`
--

INSERT INTO `grievance_category` (`id`, `name`) VALUES
(1, 'Administrative'),
(2, 'Functional/Optional'),
(3, 'Finiancial'),
(4, 'Curruption'),
(5, 'Planning'),
(6, 'Policy'),
(7, 'Suggestive');

-- --------------------------------------------------------

--
-- Table structure for table `grievance_department`
--

CREATE TABLE `grievance_department` (
  `id` int(11) NOT NULL,
  `name` varchar(100) NOT NULL
) ENGINE=InnoDB DEFAULT CHARSET=utf8mb4;

-- --------------------------------------------------------

--
-- Table structure for table `grievence_from`
--

CREATE TABLE `grievence_from` (
  `id` int(11) NOT NULL,
  `grievance_id` varchar(20) NOT NULL,
  `mobile` bigint(20) NOT NULL,
  `alternate_mobile` bigint(20) NOT NULL,
  `first_name` varchar(100) NOT NULL,
  `middle_name` varchar(100) NOT NULL,
  `last_name` varchar(100) NOT NULL,
  `guardian_name` varchar(100) NOT NULL,
  `email` varchar(100) NOT NULL,
  `gender` varchar(100) NOT NULL,
  `aadhar` int(15) NOT NULL,
  `district` varchar(100) NOT NULL,
  `occupation` varchar(100) NOT NULL,
  `area` varchar(100) NOT NULL,
  `muncipility` varchar(100) NOT NULL,
  `block` varchar(100) NOT NULL,
  `panchayat` varchar(100) NOT NULL,
  `village` varchar(100) NOT NULL,
  `ward` varchar(100) NOT NULL,
  `landmark` varchar(200) NOT NULL,
  `police_station` varchar(100) NOT NULL,
  `vidhan_sabha` varchar(100) NOT NULL,
  `lok_sabha` varchar(100) NOT NULL,
  `complain_mode` varchar(100) NOT NULL,
  `call_nature` varchar(100) NOT NULL,
  `c_area` varchar(100) NOT NULL,
  `c_muncipility` varchar(100) NOT NULL,
  `c_block` varchar(100) NOT NULL,
  `c_panchayat` varchar(100) NOT NULL,
  `c_village` varchar(100) NOT NULL,
  `c_ward` varchar(100) NOT NULL,
  `c_landmark` varchar(1000) NOT NULL,
  `description` varchar(1000) NOT NULL,
  `evidence` varchar(500) NOT NULL,
  `reg_date` varchar(100) NOT NULL,
  `complaint_priority` varchar(100) NOT NULL,
  `grievance_class` varchar(100) NOT NULL,
  `complaint_category` varchar(100) NOT NULL,
  `department` varchar(100) NOT NULL,
  `grievance_category` varchar(100) NOT NULL,
  `grievance_sub_category` varchar(100) NOT NULL,
  `action` varchar(100) NOT NULL,
  `action_to` varchar(100) NOT NULL,
  `nodel_officer` varchar(100) NOT NULL,
  `remark` varchar(100) NOT NULL,
  `status` varchar(100) NOT NULL
) ENGINE=InnoDB DEFAULT CHARSET=utf8mb4;

--
-- Dumping data for table `grievence_from`
--

INSERT INTO `grievence_from` (`id`, `grievance_id`, `mobile`, `alternate_mobile`, `first_name`, `middle_name`, `last_name`, `guardian_name`, `email`, `gender`, `aadhar`, `district`, `occupation`, `area`, `muncipility`, `block`, `panchayat`, `village`, `ward`, `landmark`, `police_station`, `vidhan_sabha`, `lok_sabha`, `complain_mode`, `call_nature`, `c_area`, `c_muncipility`, `c_block`, `c_panchayat`, `c_village`, `c_ward`, `c_landmark`, `description`, `evidence`, `reg_date`, `complaint_priority`, `grievance_class`, `complaint_category`, `department`, `grievance_category`, `grievance_sub_category`, `action`, `action_to`, `nodel_officer`, `remark`, `status`) VALUES
(39, 'DGRC/RAN/6007', 7903814976, 8674877441, 'Mithun', '', 'Kumar', 'Sahdeo Mahto', 'mithun@gmail.com', 'Male', 1234, 'Male', 'Student', 'Rural', '', 'Bero', 'BERO', 'BERO', '5', 'Ratu', 'mithun', 'mithun', 'mithun', 'Telecommunication', 'Complaint', 'Rural', '', 'Bero', 'BERO', 'BERO', '5', 'Ratu', 'Testing', '', '2021-12-26', 'Emergency', 'Individual', 'Common Citizen', 'Agriculture', 'Administrative', 'Administrative', 'Forward', 'District Level Nodal Officer', 'AC', 'Testing', ''),
(40, 'DGRC/RAN/4687', 8974561230, 8974561230, 'Arun ', 'Kumar', 'Das', 'XYZ', 'arun@gmail.com', 'Male', 1234, 'Male', 'Student', 'Urban', '1', '', '', '', '10', 'Ratu', 'mithun', 'mithun', 'mithun', 'Telecommunication', 'General Enquery', 'Urban', '1', '', '', '', '10', 'Ratu', 'Testing', '', '2021-12-26', 'Emergency', 'Individual', 'Common Citizen', 'Agriculture', 'Administrative', 'Administrative', 'Forward', 'District Level Nodal Officer', 'AC', 'Testing', ''),
(41, 'DGRC/RAN/5017', 8974561230, 0, 'Casc', '', 'Sadsad', '', '', 'Male', 0, 'Male', '', 'Urban', '1', '', '', '', '12', 'dfasd', 'mithun', 'mithun', 'mithun', '', '', 'Urban', '1', '', '', '', '12', 'dfasd', 'If you have set your PHP site to display post excerpts on the front or home page, you will want visitors to click on the title or a link to encourage them to continue reading your post or article, right?', '', '2021-12-27', 'Emergency', 'Individual', 'Govt. Servent', 'Agriculture', 'Functional/Optional', 'Corruption', 'Disposed', 'Duplicate', '', 'Duplicate File', '');

-- --------------------------------------------------------

--
-- Table structure for table `muncipility`
--

CREATE TABLE `muncipility` (
  `id` int(11) NOT NULL,
  `name` varchar(100) NOT NULL,
  `area` varchar(100) NOT NULL
) ENGINE=InnoDB DEFAULT CHARSET=utf8mb4;

--
-- Dumping data for table `muncipility`
--

INSERT INTO `muncipility` (`id`, `name`, `area`) VALUES
(1, 'Ranchi Nagar Nigam', 'Urban'),
(2, 'Bundu nagar Panchayat', 'Urban');

-- --------------------------------------------------------

--
-- Table structure for table `panchayat`
--

CREATE TABLE `panchayat` (
  `id` int(11) NOT NULL,
  `name` varchar(100) NOT NULL
) ENGINE=InnoDB DEFAULT CHARSET=utf8mb4;

--
-- Dumping data for table `panchayat`
--

INSERT INTO `panchayat` (`id`, `name`) VALUES
(12, 'ACHUDIH'),
(13, 'ADALHATU'),
(14, 'AMBAJHARIA'),
(15, 'AMLESHA'),
(16, 'ANGARA'),
(17, 'ARA'),
(18, 'ARAHANGA'),
(19, 'ARSUNDAY'),
(20, 'BADU'),
(21, 'BAJPUR'),
(22, 'BALA LONG'),
(23, 'BALSOKARA'),
(24, 'BAMNE'),
(25, 'BANAPIRI'),
(26, 'BANDHUA'),
(27, 'BANJHILA'),
(28, 'BANSA ROLI'),
(29, 'BANSIYA'),
(30, 'BANTAHAJAM (EAST)'),
(31, 'BANTAHAJAM (WEST)'),
(32, 'BARACHANGRU'),
(33, 'BARAM'),
(34, 'BARAMBE'),
(35, 'BARE'),
(36, 'BARENDA'),
(37, 'BARGARI'),
(38, 'BARGAWAN'),
(39, 'BARHADAG'),
(40, 'BARUHATU'),
(41, 'BARWE'),
(42, 'BASANTPUR'),
(43, 'BERO'),
(44, 'BEYASI'),
(45, 'BIJULIA'),
(46, 'BIRGAON'),
(47, 'BIRIDIH'),
(48, 'BISAHAKHATANGA'),
(49, 'BISHA'),
(50, 'BISRIA'),
(51, 'BODEYA'),
(52, 'BOGAI BERA'),
(53, 'BOKRANDA'),
(54, 'BUKBUKA'),
(55, 'BUNDU'),
(56, 'BURHMU'),
(57, 'CHACHKAPI'),
(58, 'CHAINGARHA'),
(59, 'CHAKLA'),
(60, 'CHAKME'),
(61, 'CHAMA'),
(62, 'CHANDAGHASI'),
(63, 'CHANDRA'),
(64, 'CHANDWE'),
(65, 'CHAPRA'),
(66, 'CHARU'),
(67, 'CHATRA'),
(68, 'CHATWAL'),
(69, 'CHETE'),
(70, 'CHILDAG'),
(71, 'CHINARO PURIYO'),
(72, 'CHIPRA'),
(73, 'CHOREYA'),
(74, 'CHURGI'),
(75, 'CHURI (MIDDLE)'),
(76, 'CHURI (NORTH)'),
(77, 'CHURI (NORTH-EAST)'),
(78, 'CHURI (NORTH-WEST)'),
(79, 'CHURI (SOUTH)'),
(80, 'CHUTTU'),
(81, 'CHUTU PALU'),
(82, 'DANEKERA'),
(83, 'DARI'),
(84, 'DEWGAWN'),
(85, 'DEWRI'),
(86, 'DIGHIYA'),
(87, 'DIMBUJARDA'),
(88, 'DOKAD'),
(89, 'DOLAICHA'),
(90, 'DORANDA'),
(91, 'DULMI'),
(92, 'DUMAR DAGGA'),
(93, 'DUNGRI'),
(94, 'DWARU'),
(95, 'ECHAPIDHI'),
(96, 'ERCHORA'),
(97, 'FUTKAL TOLI'),
(98, 'GABHARIYA'),
(99, 'GAGARI'),
(100, 'GAGI'),
(101, 'GARHAGAON'),
(102, 'GETALSUD'),
(103, 'GHAGHRA'),
(104, 'GINJOTHAKURGAON'),
(105, 'GOLAO'),
(106, 'GORADIH'),
(107, 'GURGAI'),
(108, 'GURIDIH'),
(109, 'GURU'),
(110, 'HAHAP'),
(111, 'HAKE DAG'),
(112, 'HALMAD'),
(113, 'HARAM LOHAR'),
(114, 'HARATU'),
(115, 'HARDAG'),
(116, 'HARIHARPUR JAMTOLI'),
(117, 'HARIN'),
(118, 'HESADIH'),
(119, 'HESAL'),
(120, 'HESALPIRI'),
(121, 'HESATU'),
(122, 'HINDBELLY'),
(123, 'HOCHAR'),
(124, 'HOSLO'),
(125, 'HOTLO'),
(126, 'HUANGHATU'),
(127, 'HULSU'),
(128, 'HUMTA'),
(129, 'HUNDUR'),
(130, 'HURHURI'),
(131, 'HURUA'),
(132, 'HUSIR'),
(133, 'HUTAP'),
(134, 'ICHADAG'),
(135, 'IRBA'),
(136, 'ITA'),
(137, 'ITKI EAST'),
(138, 'ITKI WEST'),
(139, 'JAIDIHA'),
(140, 'JAIPUR'),
(141, 'JAMUDAG'),
(142, 'JANAM PIRI'),
(143, 'JARGO'),
(144, 'JARIYA'),
(145, 'JHINJHARI'),
(146, 'JILING SERENG'),
(147, 'JINTU'),
(148, 'JONHA'),
(149, 'KAIMBO'),
(150, 'KAKARIYA'),
(151, 'KAMRE'),
(152, 'KANCHI'),
(153, 'KANJIYA'),
(154, 'KANKE NORTH'),
(155, 'KANKE SOUTH'),
(156, 'KANKE WEST'),
(157, 'KARANJI'),
(158, 'KARGE'),
(159, 'KARKARI'),
(160, 'KARKAT'),
(161, 'KARMA'),
(162, 'KATAMKULI'),
(163, 'KATU'),
(164, 'KEDAL'),
(165, 'KESHA'),
(166, 'KHAKHRA'),
(167, 'KHATANGA'),
(168, 'KHELARI'),
(169, 'KHIJRI'),
(170, 'KHUKHRA'),
(171, 'KOCHO'),
(172, 'KOKODARO'),
(173, 'KUCHU'),
(174, 'KUDLUM'),
(175, 'KULI'),
(176, 'KUNDI'),
(177, 'KUNDLA'),
(178, 'KURGI'),
(179, 'KURKUTTA'),
(180, 'KUTE'),
(181, 'KUTIATU'),
(182, 'LAHNA'),
(183, 'LALGUTUA'),
(184, 'LALI'),
(185, 'LALKHATANGA'),
(186, 'LANDUPDIH'),
(187, 'LAPRA'),
(188, 'LAPUNG'),
(189, 'LATRATU'),
(190, 'LOTA'),
(191, 'LOWADAG'),
(192, 'LOWAHATU'),
(193, 'LOYO SAKARA'),
(194, 'LUNDRI'),
(195, 'LUNGTU'),
(196, 'LUPUNG'),
(197, 'MAHILONG'),
(198, 'MAHUAJARI'),
(199, 'MAHUGAON'),
(200, 'MAKKA'),
(201, 'MALAHAN BHUIA DIH'),
(202, 'MALGO'),
(203, 'MALSIRING'),
(204, 'MALTI'),
(205, 'MANATU'),
(206, 'MANDAR'),
(207, 'MANDRO'),
(208, 'MANKI DIH'),
(209, 'MARDHAN'),
(210, 'MAYAPUR'),
(211, 'MESHRA EAST'),
(212, 'MESHRA WEST'),
(213, 'MURI (EAST)'),
(214, 'MURI (WEST)'),
(215, 'MURMA'),
(216, 'MURTO'),
(217, 'MURUPIRI'),
(218, 'NAGARI'),
(219, 'NAGE DIH'),
(220, 'NAGRA'),
(221, 'NARO'),
(222, 'NAVAGADH'),
(223, 'NAWADIH'),
(224, 'NAWATOLI'),
(225, 'NEHALUKAPARIYA'),
(226, 'NEORI'),
(227, 'OJHA SARAM'),
(228, 'ORMANJHI'),
(229, 'PAIKA'),
(230, 'PALI'),
(231, 'PANCHA'),
(232, 'PANDADIH'),
(233, 'PARASI'),
(234, 'PATRAHATU'),
(235, 'PATRATU'),
(236, 'PERAI DIH'),
(237, 'PIRA'),
(238, 'PISKA'),
(239, 'PITHORIYA'),
(240, 'PONDRI'),
(241, 'PUNDIDIRI'),
(242, 'PURIO'),
(243, 'PURIYA'),
(244, 'RAGHUNATHPUR'),
(245, 'RAGRA BARANG'),
(246, 'RAHARA'),
(247, 'RAHE'),
(248, 'RAJADERA'),
(249, 'RAJAULLATU'),
(250, 'RAMPUR'),
(251, 'RANIKHATANGA'),
(252, 'RARGAON'),
(253, 'RATU EAST'),
(254, 'RATU NORTH'),
(255, 'RATU SOUTH'),
(256, 'RATU WEST'),
(257, 'RAY'),
(258, 'RELADIH'),
(259, 'ROL (ROLA)'),
(260, 'SADAMA'),
(261, 'SAHER'),
(262, 'SALHAN'),
(263, 'SAPUKERA'),
(264, 'SARJAMDIH'),
(265, 'SARLEY'),
(266, 'SARWA'),
(267, 'SAT KANADU'),
(268, 'SATAKI'),
(269, 'SIDROUL'),
(270, 'SILAGAI'),
(271, 'SILLI'),
(272, 'SILWAI'),
(273, 'SIMALIYA'),
(274, 'SIRKA'),
(275, 'SITHIO'),
(276, 'SONAHATU'),
(277, 'SONS'),
(278, 'SOPARAM'),
(279, 'SOUDAG'),
(280, 'SUKURHUTU NORTH'),
(281, 'SUKURHUTU SOUTH'),
(282, 'SUMANDIH'),
(283, 'SUNDIL'),
(284, 'SURSA'),
(285, 'SURSU'),
(286, 'TAIMARA'),
(287, 'TALA'),
(288, 'TAMAR'),
(289, 'TAMAR EAST'),
(290, 'TAMAR WEST'),
(291, 'TANGAR'),
(292, 'TANGARBASULI'),
(293, 'TARANGA'),
(294, 'TARUP'),
(295, 'TATAI EAST'),
(296, 'TATI'),
(297, 'TATI WEST'),
(298, 'TATISILWAY'),
(299, 'TAU'),
(300, 'TELWADIH'),
(301, 'TERO'),
(302, 'TETLA'),
(303, 'TIGOIAMBATOLI'),
(304, 'TIGRA'),
(305, 'TUMANG'),
(306, 'TUNDAHULI'),
(307, 'TUNDIL NORTH'),
(308, 'TUNDIL SOUTH'),
(309, 'TUNJU'),
(310, 'TUTKI'),
(311, 'TUTLO'),
(312, 'ULATU'),
(313, 'ULI LOHAR'),
(314, 'ULLI DIH'),
(315, 'UMEDANDA'),
(316, 'UPPER KONKI'),
(317, 'URGUTTU'),
(318, 'VISHRAMPUR');

-- --------------------------------------------------------

--
-- Table structure for table `rural_ward`
--

CREATE TABLE `rural_ward` (
  `id` int(11) NOT NULL,
  `name` varchar(100) NOT NULL,
  `area_id` varchar(11) NOT NULL
) ENGINE=InnoDB DEFAULT CHARSET=utf8mb4;

--
-- Dumping data for table `rural_ward`
--

INSERT INTO `rural_ward` (`id`, `name`, `area_id`) VALUES
(1, '1', 'Rural'),
(2, '2', 'Rural'),
(3, '3', 'Rural'),
(4, '4', 'Rural'),
(5, '5', 'Rural'),
(6, '6', 'Rural'),
(7, '7', 'Rural'),
(8, '8', 'Rural'),
(9, '9', 'Rural'),
(10, '10', 'Rural');

-- --------------------------------------------------------

--
-- Table structure for table `services`
--

CREATE TABLE `services` (
  `id` int(11) NOT NULL,
  `service` varchar(150) NOT NULL,
  `heading` varchar(1000) NOT NULL,
  `description` mediumtext NOT NULL
) ENGINE=InnoDB DEFAULT CHARSET=utf8mb4;

--
-- Dumping data for table `services`
--

INSERT INTO `services` (`id`, `service`, `heading`, `description`) VALUES
(1, 'Education & Learning', '', ''),
(2, 'Health & Wellness', '', ''),
(3, 'Electricity, Water & Local Service', '', ''),
(4, 'Money & Taxes', '', ''),
(5, 'Jobs', '', ''),
(6, 'Justics, Low & Grievances', '', ''),
(7, 'Travel & Tourism', '', ''),
(8, 'Business and Self-employed', '', ''),
(9, 'Pension and Benifits', '', ''),
(10, 'Transport & Infrastructure', '', ''),
(11, 'Citizenship, Visas & Passport', '', ''),
(12, 'Agriculture, Rural & Environment', '', ''),
(13, 'Youth, Sports and Culture', '', '');

-- --------------------------------------------------------

--
-- Table structure for table `sub_communication_mode`
--

CREATE TABLE `sub_communication_mode` (
  `id` int(11) NOT NULL,
  `sub_mode` varchar(150) NOT NULL,
  `actual_mode` varchar(150) NOT NULL
) ENGINE=InnoDB DEFAULT CHARSET=utf8mb4;

--
-- Dumping data for table `sub_communication_mode`
--

INSERT INTO `sub_communication_mode` (`id`, `sub_mode`, `actual_mode`) VALUES
(1, 'Inbound', 'Telecommunication'),
(2, 'Outbound', 'Telecommunication'),
(3, 'Facebook', 'Social Media'),
(4, 'Twitter', 'Social Media'),
(5, 'Whatsapp', 'Social Media'),
(6, 'Instagram', 'Social Media');

-- --------------------------------------------------------

--
-- Table structure for table `urban_ward`
--

CREATE TABLE `urban_ward` (
  `id` int(11) NOT NULL,
  `name` varchar(100) NOT NULL,
  `muncipility_id` int(11) NOT NULL
) ENGINE=InnoDB DEFAULT CHARSET=utf8mb4;

--
-- Dumping data for table `urban_ward`
--

INSERT INTO `urban_ward` (`id`, `name`, `muncipility_id`) VALUES
(1, '1', 1),
(2, '2', 1),
(3, '3', 1),
(4, '4', 1),
(5, '5', 1),
(6, '6', 1),
(7, '7', 1),
(8, '8', 1),
(9, '9', 1),
(10, '10', 1),
(11, '11', 1),
(12, '12', 1),
(13, '13', 1),
(14, '14', 1),
(15, '15', 1),
(16, '16', 1),
(17, '17', 1),
(18, '18', 1),
(19, '19', 1),
(20, '20', 1),
(21, '21', 1),
(22, '22', 1),
(23, '23', 1),
(24, '24', 1),
(25, '25', 1),
(26, '26', 1),
(27, '27', 1),
(28, '28', 1),
(29, '29', 1),
(30, '30', 1),
(31, '31', 1),
(32, '32', 1),
(33, '33', 1),
(34, '34', 1),
(35, '35', 1),
(36, '36', 1),
(37, '37', 1),
(38, '38', 1),
(39, '39', 1),
(40, '40', 1),
(41, '41', 1),
(42, '42', 1),
(43, '43', 1),
(44, '44', 1),
(45, '45', 1),
(46, '46', 1),
(47, '47', 1),
(48, '48', 1),
(49, '49', 1),
(50, '50', 1),
(51, '51', 1),
(52, '52', 1),
(53, '53', 1),
(54, '54', 1),
(55, '55', 1),
(56, '56', 1),
(57, '57', 1),
(58, '58', 1),
(59, '59', 1),
(60, '60', 1),
(61, '1', 2),
(62, '2', 2),
(63, '3', 2),
(64, '4', 2),
(65, '5', 2),
(66, '6', 2),
(67, '7', 2),
(68, '8', 2),
(69, '9', 2),
(70, '10', 2),
(71, '11', 2),
(72, '12', 2),
(73, '13', 2),
(74, '14', 2),
(75, '15', 2),
(76, '16', 2),
(77, '17', 2),
(78, '18', 2),
(79, '19', 2),
(80, '20', 2);

-- --------------------------------------------------------

--
-- Table structure for table `village`
--

CREATE TABLE `village` (
  `id` int(11) NOT NULL,
  `block` varchar(100) NOT NULL,
  `panchayat` varchar(100) NOT NULL,
  `village` varchar(100) NOT NULL
) ENGINE=InnoDB DEFAULT CHARSET=utf8mb4;

--
-- Dumping data for table `village`
--

INSERT INTO `village` (`id`, `block`, `panchayat`, `village`) VALUES
(1, 'TAMAR', 'TAMAR EAST', 'RAIDIH'),
(2, 'TAMAR', 'ARAHANGA', 'SILPINGKOCHA VIJAYGIRI'),
(3, 'KANKE', 'PIRA', 'GOVIND NAGAR'),
(4, 'RATU', 'KATU', 'KATU'),
(5, 'LAPUNG', 'LAPUNG', 'LAPUNG'),
(6, 'KHALARI', 'TUMANG', 'DHAMDMIYA'),
(7, 'RATU', 'RATU WEST', 'MERIYA TAAR'),
(8, 'TAMAR', 'TAMAR WEST', 'JARYA'),
(9, 'SONAHATU', 'BARUHATU', 'BHAKUADIH'),
(10, 'SONAHATU', 'JINTU', 'KURDAAG'),
(11, 'KHALARI', 'CHURI (SOUTH)', 'MOHANNAGAR'),
(12, 'TAMAR', 'MARDHAN', 'PALDHA'),
(13, 'SILLI', 'LUPUNG', 'SILLI'),
(14, 'SILLI', 'BASANTPUR', 'PANCHU'),
(15, 'SONAHATU', 'HOSLO', 'RAHIMANJHI DIRAHE'),
(16, 'NAMKUM', 'TATISILWAY', 'HARATU'),
(17, 'ANGARA', 'HARATU', 'EIDGANJU'),
(18, 'BERO', 'TERO', 'CHACHKOPI'),
(19, 'NAMKUM', 'BARGAWAN', 'patratoli'),
(20, 'BERO', 'TERO', 'PAKALMERI'),
(21, 'TAMAR', 'ARAHANGA', 'SILIPINGKOCHA'),
(22, 'BUNDU', 'BUNDU', 'BUNDU'),
(23, 'ITKI', 'MALTI', 'MORO'),
(24, 'NAGRI', 'TUNDIL NORTH', 'NAYA SARAY'),
(25, 'SILLI', 'BANTAHAJAM (EAST)', 'BAREDI'),
(26, 'ANGARA', 'HESATU', 'SIKANDARI'),
(27, 'SONAHATU', 'GOLAO', 'MURUTDIH'),
(28, 'BURMU', 'MAKKA', 'PIPRATOLI'),
(29, 'KHALARI', 'CHURI (NORTH-WEST)', 'DAKRA'),
(30, 'KHALARI', 'VISHRAMPUR', 'KEKARAHI GARA'),
(31, 'ORMANJHI', 'IRBA', 'KOYLARI'),
(32, 'ORMANJHI', 'IRBA', 'IRBA'),
(33, 'ORMANJHI', 'JAIDIHA', 'JAIDIHA'),
(34, 'ORMANJHI', 'JAIDIHA', 'GURGAI'),
(35, 'ORMANJHI', 'JAIDIHA', 'GANESH PUR'),
(36, 'ORMANJHI', 'JAIDIHA', 'BARTUWA'),
(37, 'ORMANJHI', 'JAIDIHA', 'SAHER'),
(38, 'ORMANJHI', 'ICHADAG', 'TAPA'),
(39, 'ORMANJHI', 'KARMA', 'HUTUP'),
(40, 'ORMANJHI', 'ICHADAG', 'PISKA'),
(41, 'ORMANJHI', 'ICHADAG', 'JEEDU'),
(42, 'ORMANJHI', 'ICHADAG', 'ICHADAG'),
(43, 'ORMANJHI', 'ICHADAG', 'HALWADI'),
(44, 'ORMANJHI', 'ICHADAG', 'DUNDE'),
(45, 'ORMANJHI', 'HINDBELLY', 'TIRLA'),
(46, 'ORMANJHI', 'HINDBELLY', 'PARSA TOLA'),
(47, 'ORMANJHI', 'HINDBELLY', 'MANDRO(MANDROH)'),
(48, 'ORMANJHI', 'ICHADAG', 'PUNDAG'),
(49, 'ORMANJHI', 'PANCHA', 'ROLLA'),
(50, 'ORMANJHI', 'PANCHA', 'PANCHA'),
(51, 'ORMANJHI', 'PANCHA', 'MATATU (MANATU)'),
(52, 'ORMANJHI', 'PANCHA', 'HATWAL'),
(53, 'ORMANJHI', 'PANCHA', 'GURU'),
(54, 'ORMANJHI', 'ORMANJHI', 'UKRID'),
(55, 'ORMANJHI', 'ORMANJHI', 'ORMANJHI'),
(56, 'ORMANJHI', 'CHARU', 'BHUSUR'),
(57, 'ORMANJHI', 'KUTE', 'KUTE'),
(58, 'ORMANJHI', 'KUTE', 'MUTTA'),
(59, 'ORMANJHI', 'KARMA', 'KARMA'),
(60, 'ORMANJHI', 'KUTE', 'LOTWA'),
(61, 'ORMANJHI', 'ORMANJHI', 'JHIRI'),
(62, 'ORMANJHI', 'KUTE', 'KHUDIA'),
(63, 'ORMANJHI', 'KUCHU', 'KULHI'),
(64, 'ORMANJHI', 'KUCHU', 'KUCHU'),
(65, 'ORMANJHI', 'KUCHU', 'KAMTA'),
(66, 'ORMANJHI', 'KUCHU', 'JEERABAR'),
(67, 'ORMANJHI', 'KARMA', 'RUKKA'),
(68, 'ORMANJHI', 'HINDBELLY', 'JAWABEDA'),
(69, 'ORMANJHI', 'BIRIDIH', 'BIRIDIH'),
(70, 'ORMANJHI', 'CHARU', 'CHARU'),
(71, 'ORMANJHI', 'CHARU', 'BANLOTWA'),
(72, 'ORMANJHI', 'CHANDRA', 'MAYAPUR'),
(73, 'ORMANJHI', 'CHANDRA', 'MADKAMA(MADHUKAMA)'),
(74, 'ORMANJHI', 'CHANDRA', 'CHANDRA'),
(75, 'ORMANJHI', 'CHANDRA', 'BUNDU'),
(76, 'ORMANJHI', 'CHAKLA', 'SAWAIYA'),
(77, 'ORMANJHI', 'CHARU', 'DATMA(UTMA)'),
(78, 'ORMANJHI', 'CHAKLA', 'CHAKLA'),
(79, 'ORMANJHI', 'CHARU', 'HINDBELLY'),
(80, 'ORMANJHI', 'BIRIDIH', 'ANNANDI'),
(81, 'ORMANJHI', 'BARWE', 'DAHU'),
(82, 'ORMANJHI', 'BARWE', 'BARWE'),
(83, 'NAMKUM', 'TATI WEST', 'TATI'),
(84, 'NAMKUM', 'TATAI EAST', 'TATI EAST'),
(85, 'NAMKUM', 'SOUDAG', 'UPARDAHU'),
(86, 'NAMKUM', 'SOUDAG', 'SOHDAG'),
(87, 'ORMANJHI', 'SADAMA', 'DHAKJEEWAN'),
(88, 'ORMANJHI', 'CHAKLA', 'DARDAG'),
(89, 'ORMANJHI', 'CHUTU PALU', 'MANATU'),
(90, 'ORMANJHI', 'HINDBELLY', 'GUNJA'),
(91, 'ORMANJHI', 'GAGARI', 'ULATU'),
(92, 'ORMANJHI', 'GAGARI', 'SILDIRI'),
(93, 'ORMANJHI', 'GAGARI', 'KHATNAGA'),
(94, 'ORMANJHI', 'GAGARI', 'HESATU'),
(95, 'ORMANJHI', 'GAGARI', 'GAGARI'),
(96, 'ORMANJHI', 'GAGARI', 'CHAPRA KOCHA'),
(97, 'ORMANJHI', 'GAGARI', 'CHAPAWAR'),
(98, 'ORMANJHI', 'BARWE', 'HARCHANDA'),
(99, 'ORMANJHI', 'CHUTU PALU', 'PALU'),
(100, 'ORMANJHI', 'CHARU', 'HETH NAGARU'),
(101, 'ORMANJHI', 'CHUTU PALU', 'KURUN'),
(102, 'ORMANJHI', 'CHUTU PALU', 'KOUWALU (QALU)'),
(103, 'ORMANJHI', 'CHUTU PALU', 'JARUWADIH'),
(104, 'ORMANJHI', 'CHUTU PALU', 'CHUTU PALU'),
(105, 'ORMANJHI', 'CHUTU PALU', 'CHETANWARI'),
(106, 'ORMANJHI', 'CHARU', 'UPPER NAGARU'),
(107, 'ORMANJHI', 'CHARU', 'SANRI'),
(108, 'ORMANJHI', 'HINDBELLY', 'HINDBELLY'),
(109, 'ORMANJHI', 'CHUTU PALU', 'TIRALA'),
(110, 'RAHE', 'LOWAHATU', 'NAWADIH'),
(111, 'RAHE', 'NAWADIH', 'THUNGRUDIH'),
(112, 'RAHE', 'NAWADIH', 'PARAMDIH'),
(113, 'RAHE', 'NAWADIH', 'NAWADIH'),
(114, 'RAHE', 'NAWADIH', 'KOTANGDAG'),
(115, 'RAHE', 'NAWADIH', 'ICHAHATU'),
(116, 'RAHE', 'NAWADIH', 'GUCHIDIH'),
(117, 'RAHE', 'NAWADIH', 'BURUDIH'),
(118, 'RAHE', 'HOTLO', 'KATYADIH'),
(119, 'RAHE', 'LOWAHATU', 'NURU'),
(120, 'RAHE', 'RAHE', 'KUBADIH'),
(121, 'RAHE', 'LOWAHATU', 'LOWAHATU'),
(122, 'RAHE', 'LOWAHATU', 'KOLMA'),
(123, 'RAHE', 'LOWAHATU', 'KHATANGA'),
(124, 'RAHE', 'LOWAHATU', 'GOWALI'),
(125, 'RAHE', 'LOWAHATU', 'DULMI'),
(126, 'RAHE', 'HOTLO', 'SIRIDIH'),
(127, 'RAHE', 'HOTLO', 'SERENGDIH'),
(128, 'RATU', 'BAJPUR', 'HISRI'),
(129, 'RAHE', 'NAWADIH', 'BASAHATU'),
(130, 'RAHE', 'SATAKI', 'KONTA TOLI'),
(131, 'RATU', 'BANAPIRI', 'JARI'),
(132, 'RATU', 'BANAPIRI', 'BANAPIRI'),
(133, 'NAGRI', 'SOPARAM', 'MERAL'),
(134, 'RATU', 'BAJPUR', 'PANDRA'),
(135, 'NAMKUM', 'SOUDAG', 'JAMGAIN'),
(136, 'RATU', 'BAJPUR', 'CHAULI'),
(137, 'RATU', 'BAJPUR', 'BAJPUR'),
(138, 'RAHE', 'SATAKI', 'SATAKI'),
(139, 'RAHE', 'NAWADIH', 'TORANG'),
(140, 'RAHE', 'SATAKI', 'PURNADIH'),
(141, 'RAHE', 'RAHE', 'BARWADIH'),
(142, 'RAHE', 'SATAKI', 'KOCHE TOLA'),
(143, 'RAHE', 'SATAKI', 'KANKATTA'),
(144, 'RAHE', 'RAHE', 'URAONDIH'),
(145, 'RAHE', 'RAHE', 'RAHE'),
(146, 'RAHE', 'RAHE', 'PURNANAGAR'),
(147, 'RAHE', 'RAHE', 'POWADIRI'),
(148, 'RAHE', 'RAHE', 'MAHESHPUR'),
(149, 'RAHE', 'HOTLO', 'IRISERENG'),
(150, 'RAHE', 'SATAKI', 'RAMDERA'),
(151, 'ORMANJHI', 'TUNDAHULI', 'KERM'),
(152, 'RAHE', 'BANSIYA', 'CHIRU DIH'),
(153, 'RAHE', 'BANSIYA', 'BANSIYA'),
(154, 'RAHE', 'AMBAJHARIA', 'SUWARMARA'),
(155, 'RAHE', 'AMBAJHARIA', 'KOMBO'),
(156, 'RAHE', 'AMBAJHARIA', 'AMBAJHARIA'),
(157, 'ORMANJHI', 'TUNDAHULI', 'TUNDAHULI'),
(158, 'ORMANJHI', 'TUNDAHULI', 'PIPRA BANDA'),
(159, 'RAHE', 'HOTLO', 'KOKRODIH'),
(160, 'ORMANJHI', 'TUNDAHULI', 'KUKAI'),
(161, 'RAHE', 'BANSIYA', 'SOSO'),
(162, 'ORMANJHI', 'TUNDAHULI', 'BIJANG'),
(163, 'ORMANJHI', 'TUNDAHULI', 'BARGAIN BANDA'),
(164, 'ORMANJHI', 'TUNDAHULI', 'BAGHIN BANDA'),
(165, 'ORMANJHI', 'TUNDAHULI', 'ARRA'),
(166, 'ORMANJHI', 'SADAMA', 'SANTI'),
(167, 'ORMANJHI', 'SADAMA', 'SADMA'),
(168, 'ORMANJHI', 'SADAMA', 'KESER BERA'),
(169, 'ORMANJHI', 'SADAMA', 'HOCHAI'),
(170, 'ORMANJHI', 'TUNDAHULI', 'LUPUNGA'),
(171, 'RAHE', 'BASANTPUR', 'RANGA MATI'),
(172, 'RAHE', 'HOTLO', 'HOTLO'),
(173, 'RAHE', 'HOTLO', 'GHAGHRADIH'),
(174, 'RAHE', 'HOTLO', 'FULWAR'),
(175, 'RAHE', 'HOTLO', 'CHIRUDIH'),
(176, 'RAHE', 'DOKAD', 'GOMDA'),
(177, 'RAHE', 'DOKAD', 'DOMANDIH'),
(178, 'RAHE', 'DOKAD', 'DOKAD'),
(179, 'RAHE', 'DOKAD', 'CHAINPUR'),
(180, 'RAHE', 'BANSIYA', 'DHANA MUNJI'),
(181, 'RAHE', 'DOKAD', 'BELA'),
(182, 'RAHE', 'BANSIYA', 'LADHUP'),
(183, 'RAHE', 'BASANTPUR', 'POGARA'),
(184, 'RAHE', 'BASANTPUR', 'PANCHU'),
(185, 'RAHE', 'BASANTPUR', 'NICHIT PUR'),
(186, 'RAHE', 'BASANTPUR', 'BUNDIYARU'),
(187, 'RAHE', 'BASANTPUR', 'BASANT PUR'),
(188, 'RAHE', 'BASANTPUR', 'BADALU'),
(189, 'RAHE', 'BANSIYA', 'TILIM SIRING'),
(190, 'ORMANJHI', 'SADAMA', 'DUNDUN'),
(191, 'RAHE', 'DOKAD', 'BURHADIH'),
(192, 'NAGRI', 'ERCHORA', 'LADA'),
(193, 'NAGRI', 'TUNDIL NORTH', 'TUNDIUL'),
(194, 'NAGRI', 'NAGARI', 'NAGRI'),
(195, 'NAGRI', 'LALGUTUA', 'PUNDAG'),
(196, 'NAGRI', 'LALGUTUA', 'LALGUTUA'),
(197, 'NAGRI', 'KUDLUM', 'KUDLUM'),
(198, 'NAGRI', 'KUDLUM', 'HOTWASI'),
(199, 'NAGRI', 'KUDLUM', 'HARSER'),
(200, 'NAGRI', 'NARO', 'PISKA'),
(201, 'NAGRI', 'ERCHORA', 'PATRACHAULI'),
(202, 'NAGRI', 'NARO', 'TIKRATOLI'),
(203, 'NAGRI', 'ERCHORA', 'KOSARO'),
(204, 'NAGRI', 'ERCHORA', 'ERCHORA'),
(205, 'NAGRI', 'DEWRI', 'SUGDA'),
(206, 'NAGRI', 'DEWRI', 'DEWRI'),
(207, 'NAGRI', 'DEWRI', 'BASILA'),
(208, 'NAGRI', 'CHIPRA', 'UPARDAHA'),
(209, 'NAGRI', 'CHIPRA', 'TUSMU'),
(210, 'NAGRI', 'CHIPRA', 'PANCHDIHA'),
(211, 'NAGRI', 'ERCHORA', 'WARSA'),
(212, 'NAGRI', 'SOPARAM', 'SAPAROM'),
(213, 'NAMKUM', 'BANDHUA', 'RURUNGKOCHA'),
(214, 'NAMKUM', 'BANDHUA', 'NACHALDAG'),
(215, 'NAMKUM', 'BANDHUA', 'KOLAD'),
(216, 'NAMKUM', 'BANDHUA', 'BUTIYO'),
(217, 'NAMKUM', 'BANDHUA', 'BUNDUBERA'),
(218, 'NAMKUM', 'BANDHUA', 'BANDUA'),
(219, 'NAMKUM', 'ARA', 'ARA'),
(220, 'NAGRI', 'NARO', 'NARO'),
(221, 'RATU', 'BIJULIA', 'AGRU'),
(222, 'NAGRI', 'CHIPRA', 'BABRO'),
(223, 'SILLI', 'LOWADAG', 'ITIHASA'),
(224, 'NAGRI', 'SOPARAM', 'JAIPUR'),
(225, 'NAGRI', 'SOPARAM', 'DALADILI'),
(226, 'NAGRI', 'SAHER', 'SAHER'),
(227, 'NAGRI', 'SAHER', 'PALANDU'),
(228, 'NAGRI', 'SAHER', 'KHUNTA'),
(229, 'NAGRI', 'SAHER', 'KATARPA'),
(230, 'NAGRI', 'SAHER', 'HARHI'),
(231, 'NAGRI', 'TUNDIL SOUTH', 'LABED'),
(232, 'MANDAR', 'MURMA', 'KARKARIA'),
(233, 'MANDAR', 'SURSA', 'BASKI'),
(234, 'MANDAR', 'SARWA', 'SARWA'),
(235, 'MANDAR', 'SARWA', 'JHIKPUR'),
(236, 'MANDAR', 'SARWA', 'DUMRI'),
(237, 'MANDAR', 'SARWA', 'BABRO'),
(238, 'MANDAR', 'NAGRA', 'NAGRA'),
(239, 'MANDAR', 'NAGRA', 'GORE'),
(240, 'NAGRI', 'CHIPRA', 'KOLAMBI'),
(241, 'MANDAR', 'MURMA', 'MESAL'),
(242, 'MANDAR', 'TANGARBASULI', 'NARO'),
(243, 'MANDAR', 'MURMA', 'KANDRI'),
(244, 'MANDAR', 'MANDRO', 'MANDRO'),
(245, 'MANDAR', 'MANDRO', 'KURKURA'),
(246, 'MANDAR', 'MANDRO', 'DEURI ALIAS DONGATOLI'),
(247, 'MANDAR', 'MANDRO', 'CHIGRI'),
(248, 'MANDAR', 'MANDRO', 'CHARNALO'),
(249, 'MANDAR', 'MANDRO', 'CHARKI'),
(250, 'MANDAR', 'MANDRO', 'BAKHAR'),
(251, 'MANDAR', 'MURMA', 'MURMA'),
(252, 'NAGRI', 'BALA LONG', 'BANDRATOLI'),
(253, 'NAMKUM', 'BARGAWAN', 'BARGAWAN'),
(254, 'NAGRI', 'CHETE', 'SINGHPUR'),
(255, 'NAGRI', 'CHETE', 'KENKE'),
(256, 'NAGRI', 'CHETE', 'HALHU'),
(257, 'NAGRI', 'CHETE', 'CHETE'),
(258, 'NAGRI', 'CHETE', 'BANDHEYA'),
(259, 'NAGRI', 'BALA LONG', 'SEMBO'),
(260, 'NAGRI', 'BALA LONG', 'NACHIATU'),
(261, 'MANDAR', 'SURSA', 'MASMANO'),
(262, 'NAGRI', 'BALA LONG', 'BARIDIH'),
(263, 'MANDAR', 'SURSA', 'SURSA'),
(264, 'NAGRI', 'BALA LONG', 'BALALONG'),
(265, 'MANDAR', 'TIGOIAMBATOLI', 'TIGOIAMBATOLI'),
(266, 'MANDAR', 'TIGOIAMBATOLI', 'HESMI'),
(267, 'MANDAR', 'TIGOIAMBATOLI', 'HESAL'),
(268, 'MANDAR', 'TIGOIAMBATOLI', 'GARMI'),
(269, 'MANDAR', 'TANGARBASULI', 'TANGARBASULI'),
(270, 'MANDAR', 'TANGARBASULI', 'PAREYAGO'),
(271, 'NAGRI', 'CHIPRA', 'CHIPRA'),
(272, 'NAGRI', 'BALA LONG', 'KELANDE'),
(273, 'NAMKUM', 'KUTIATU', 'TETRI'),
(274, 'NAMKUM', 'MAHILONG', 'HARHAP'),
(275, 'NAMKUM', 'LALKHATANGA', 'MANGUBADH'),
(276, 'NAMKUM', 'LALKHATANGA', 'LALKHATANGA'),
(277, 'NAMKUM', 'LALKHATANGA', 'KHARSIDAG'),
(278, 'NAMKUM', 'LALKHATANGA', 'KACHBANG'),
(279, 'NAMKUM', 'LALKHATANGA', 'GARHKHATANGA'),
(280, 'NAMKUM', 'LALI', 'LALI'),
(281, 'NAMKUM', 'HURUA', 'NICHITPUR-RAYDIH'),
(282, 'NAMKUM', 'LALI', 'HESLATOLI'),
(283, 'NAMKUM', 'RAMPUR', 'CHENE'),
(284, 'NAMKUM', 'KUTIATU', 'SAHERA'),
(285, 'NAMKUM', 'KUTIATU', 'PINDARKOM'),
(286, 'NAMKUM', 'KUTIATU', 'MALTI'),
(287, 'NAMKUM', 'KUTIATU', 'KUTIATU'),
(288, 'NAMKUM', 'KHIJRI', 'TUMBAGUTTU'),
(289, 'NAMKUM', 'KHIJRI', 'KHIJRI'),
(290, 'NAMKUM', 'HURUA', 'SIRI'),
(291, 'NAMKUM', 'BANDHUA', 'TUNJU'),
(292, 'NAMKUM', 'LALI', 'KUDAGARA'),
(293, 'NAMKUM', 'SIDROUL', 'SIDRAUL'),
(294, 'NAMKUM', 'SOUDAG', 'HETHDAHU'),
(295, 'NAMKUM', 'SOUDAG', 'GHUTHIYA'),
(296, 'NAMKUM', 'SOUDAG', 'GARSUL'),
(297, 'NAMKUM', 'SOUDAG', 'BANDA'),
(298, 'NAMKUM', 'SITHIO', 'ZOZOSRING'),
(299, 'NAMKUM', 'SITHIO', 'SITHIA'),
(300, 'NAMKUM', 'SITHIO', 'PINDARKAM'),
(301, 'NAMKUM', 'SITHIO', 'HUTHUNDU'),
(302, 'NAMKUM', 'MAHILONG', 'MAHILONG'),
(303, 'NAMKUM', 'SILWAI', 'HARATU'),
(304, 'NAMKUM', 'RAJAULLATU', 'RAJAULLATU'),
(305, 'NAMKUM', 'SIDROUL', 'PALANDU'),
(306, 'NAMKUM', 'SIDROUL', 'KEWALI'),
(307, 'NAMKUM', 'SIDROUL', 'GANRKE'),
(308, 'NAMKUM', 'RAMPUR', 'RAMPUR'),
(309, 'NAMKUM', 'RAMPUR', 'JAREYA'),
(310, 'NAMKUM', 'RAMPUR', 'JAMCHUAN'),
(311, 'NAMKUM', 'RAMPUR', 'HARBUL'),
(312, 'NAMKUM', 'HURUA', 'MERHA(METHA)'),
(313, 'NAMKUM', 'SILWAI', 'SILWAI'),
(314, 'NAMKUM', 'CHANDAGHASI', 'TANKO'),
(315, 'NAMKUM', 'HAHAP', 'KOENRIBERA'),
(316, 'NAMKUM', 'HAHAP', 'HAHAP'),
(317, 'NAMKUM', 'DUNGRI', 'TORAR'),
(318, 'NAMKUM', 'DUNGRI', 'SORHA(SOTHA)'),
(319, 'NAMKUM', 'DUNGRI', 'KOENJARI'),
(320, 'NAMKUM', 'DUNGRI', 'KISKI'),
(321, 'NAMKUM', 'DUNGRI', 'JARATOLI'),
(322, 'NAMKUM', 'HURUA', 'SAHEDA'),
(323, 'NAMKUM', 'DUNGRI', 'DUNGRI'),
(324, 'NAMKUM', 'HAHAP', 'ULIDIH'),
(325, 'NAMKUM', 'CHANDAGHASI', 'OBERIYA'),
(326, 'NAMKUM', 'CHANDAGHASI', 'MARIYATU'),
(327, 'NAMKUM', 'CHANDAGHASI', 'LODHMA'),
(328, 'NAMKUM', 'CHANDAGHASI', 'KUTE TOLI'),
(329, 'NAMKUM', 'CHANDAGHASI', 'ETHE'),
(330, 'NAMKUM', 'CHANDAGHASI', 'CHURU'),
(331, 'NAMKUM', 'CHANDAGHASI', 'CHANDAGHASI'),
(332, 'NAMKUM', 'SOUDAG', 'HURINGDAG'),
(333, 'NAMKUM', 'DUNGRI', 'GUNDU'),
(334, 'NAMKUM', 'HARDAG', 'SUKURHUTTU'),
(335, 'NAMKUM', 'HURUA', 'KARKATA'),
(336, 'NAMKUM', 'HURUA', 'HURUA'),
(337, 'NAMKUM', 'HURUA', 'HAJAM'),
(338, 'NAMKUM', 'HURUA', 'DUNDIGARHA'),
(339, 'NAMKUM', 'HURUA', 'DEWGAIN'),
(340, 'NAMKUM', 'HURUA', 'BUMRU'),
(341, 'NAMKUM', 'HUANGHATU', 'ULATU'),
(342, 'NAMKUM', 'HUANGHATU', 'SINGARSARAI'),
(343, 'NAMKUM', 'HAHAP', 'SAPAROM'),
(344, 'NAMKUM', 'HUANGHATU', 'HUANGHATU'),
(345, 'NAMKUM', 'HAHAP', 'SARWAL'),
(346, 'NAMKUM', 'HARDAG', 'SILADON'),
(347, 'NAMKUM', 'HARDAG', 'HARDAG'),
(348, 'NAMKUM', 'HARDAG', 'DUNDU'),
(349, 'NAMKUM', 'HARDAG', 'DARJITORAR'),
(350, 'NAMKUM', 'HARDAG', 'CHITIR'),
(351, 'NAMKUM', 'HARDAG', 'CHAND'),
(352, 'NAMKUM', 'HARDAG', 'BARGUTTU'),
(353, 'NAMKUM', 'BARAM', 'BARAM'),
(354, 'NAMKUM', 'HUANGHATU', 'KAKRA'),
(355, 'TAMAR', 'HARAM LOHAR', 'HARAM LOHAR'),
(356, 'TAMAR', 'MALAHAN BHUIA DIH', 'MALAHAN BHUIA DIH'),
(357, 'TAMAR', 'JARGO', 'DOMBODIH'),
(358, 'TAMAR', 'JARGO', 'BURUSIGN'),
(359, 'TAMAR', 'JANAM PIRI', 'SOSODIH'),
(360, 'TAMAR', 'JANAM PIRI', 'SARMALI'),
(361, 'TAMAR', 'JANAM PIRI', 'KHEDUADIH ALIAS DINDLIDIH'),
(362, 'TAMAR', 'JANAM PIRI', 'JANAMPIRI'),
(363, 'TAMAR', 'JARGO', 'JARGO'),
(364, 'TAMAR', 'JANAM PIRI', 'DERO'),
(365, 'TAMAR', 'JARGO', 'KANJANI GURHA'),
(366, 'TAMAR', 'HARAM LOHAR', 'DOMRA'),
(367, 'TAMAR', 'HARAM LOHAR', 'BIRDIH'),
(368, 'TAMAR', 'DIMBUJARDA', 'NAWA DIH'),
(369, 'TAMAR', 'DIMBUJARDA', 'MANJIL DIH'),
(370, 'TAMAR', 'DIMBUJARDA', 'HARADIH'),
(371, 'TAMAR', 'DIMBUJARDA', 'DIMBUJARDA'),
(372, 'TAMAR', 'DIMBUJARDA', 'DARUARA'),
(373, 'TAMAR', 'DIMBUJARDA', 'CHONGADIH'),
(374, 'TAMAR', 'JANAM PIRI', 'DULMI'),
(375, 'TAMAR', 'KUNDLA', 'LANKIYA'),
(376, 'SONAHATU', 'PANDADIH', 'RUGRI'),
(377, 'TAMAR', 'MALAHAN BHUIA DIH', 'BABURAMDIH'),
(378, 'TAMAR', 'LUNGTU', 'TAMRANA'),
(379, 'TAMAR', 'LUNGTU', 'PATSAHIDIH'),
(380, 'TAMAR', 'LUNGTU', 'PAPIRDA'),
(381, 'TAMAR', 'LUNGTU', 'LUNGTU'),
(382, 'TAMAR', 'KURKUTTA', 'KURKUTIA'),
(383, 'TAMAR', 'JARGO', 'GANGO'),
(384, 'TAMAR', 'KURKUTTA', 'GEREDIH'),
(385, 'TAMAR', 'DIMBUJARDA', 'BADLA'),
(386, 'TAMAR', 'KUNDLA', 'KUNDLA'),
(387, 'TAMAR', 'KUNDLA', 'KUEHRU'),
(388, 'TAMAR', 'KUNDLA', 'JHATGAON'),
(389, 'TAMAR', 'KUNDLA', 'DONGIDIH'),
(390, 'TAMAR', 'KUNDLA', 'DIMRA'),
(391, 'TAMAR', 'KUNDLA', 'DEGADARI'),
(392, 'TAMAR', 'KUNDLA', 'CHIPIBANDHDIH'),
(393, 'TAMAR', 'JARGO', 'KUBASAL'),
(394, 'TAMAR', 'KURKUTTA', 'JILING SERENG'),
(395, 'SONAHATU', 'TELWADIH', 'PERENG CHAWALI'),
(396, 'SONAHATU', 'TETLA', 'SALSUD'),
(397, 'SONAHATU', 'TETLA', 'KUDADIH'),
(398, 'SONAHATU', 'TETLA', 'KOTAB'),
(399, 'SONAHATU', 'TETLA', 'KONDA'),
(400, 'SONAHATU', 'TETLA', 'BIRDIDIH'),
(401, 'SONAHATU', 'TETLA', 'BALWADIH'),
(402, 'SONAHATU', 'TELWADIH', 'TELWADIH'),
(403, 'TAMAR', 'DIMBUJARDA', 'BIUSAI DIH'),
(404, 'SONAHATU', 'TELWADIH', 'SIGID'),
(405, 'TAMAR', 'AMLESHA', 'AGRA'),
(406, 'SONAHATU', 'TELWADIH', 'PARAM JHARIYA'),
(407, 'SONAHATU', 'TELWADIH', 'MARCHADIH'),
(408, 'SONAHATU', 'TELWADIH', 'DOMADIH'),
(409, 'SONAHATU', 'TELWADIH', 'DIBADIH'),
(410, 'SONAHATU', 'TELWADIH', 'ADRAMHATU'),
(411, 'SONAHATU', 'SONAHATU', 'SONAHATU'),
(412, 'SONAHATU', 'SONAHATU', 'SERENGHATU'),
(413, 'SILLI', 'LOWADAG', 'DHARM PUR'),
(414, 'SONAHATU', 'TELWADIH', 'SOMADIH'),
(415, 'TAMAR', 'ARAHANGA', 'ARAHANGA'),
(416, 'TAMAR', 'MALAHAN BHUIA DIH', 'PALNA'),
(417, 'TAMAR', 'DIMBUJARDA', 'ADAL DIH'),
(418, 'TAMAR', 'BIRGAON', 'LONDRA'),
(419, 'TAMAR', 'BIRGAON', 'ICHADIH'),
(420, 'TAMAR', 'BIRGAON', 'BIRGAON'),
(421, 'TAMAR', 'ARAHANGA', 'PIYA KULI'),
(422, 'TAMAR', 'ARAHANGA', 'MAKRAMDIH'),
(423, 'TAMAR', 'ARAHANGA', 'KUDDA'),
(424, 'SONAHATU', 'TETLA', 'TETLA'),
(425, 'TAMAR', 'ARAHANGA', 'BARIDIH'),
(426, 'TAMAR', 'ACHUDIH', 'ACHUDIH'),
(427, 'TAMAR', 'AMLESHA', 'KOKADIH'),
(428, 'TAMAR', 'AMLESHA', 'DIURI'),
(429, 'TAMAR', 'AMLESHA', 'BURUDIH'),
(430, 'TAMAR', 'AMLESHA', 'BODHDIH'),
(431, 'TAMAR', 'AMLESHA', 'BARU'),
(432, 'TAMAR', 'AMLESHA', 'BABAI KUNDI'),
(433, 'TAMAR', 'AMLESHA', 'AMLESHA'),
(434, 'TAMAR', 'DIMBUJARDA', 'BHITU DIH'),
(435, 'TAMAR', 'ARAHANGA', 'BURUHATU'),
(436, 'TAMAR', 'RARGAON', 'RARGAON'),
(437, 'TAMAR', 'MALAHAN BHUIA DIH', 'HURUNDIH'),
(438, 'TAMAR', 'ULI LOHAR', 'JAMDIH'),
(439, 'TAMAR', 'ULI LOHAR', 'DIMBUDIH'),
(440, 'TAMAR', 'ULI LOHAR', 'BURUDIH'),
(441, 'TAMAR', 'TAMAR EAST', 'BINSAIDIH'),
(442, 'TAMAR', 'TAMAR', 'TAMAR'),
(443, 'TAMAR', 'SARJAMDIH', 'SARJAMDIH'),
(444, 'TAMAR', 'ULLI DIH', 'BARNIAN'),
(445, 'TAMAR', 'RARGAON', 'TARAI'),
(446, 'TAMAR', 'ULLI DIH', 'BURUDIH'),
(447, 'TAMAR', 'RARGAON', 'LODHMA'),
(448, 'TAMAR', 'RARGAON', 'DARIDA'),
(449, 'TAMAR', 'RARGAON', 'BANGAL DIH'),
(450, 'TAMAR', 'RAGRA BARANG', 'RAGRA BARANG'),
(451, 'TAMAR', 'RAGRA BARANG', 'MANIKA DIH'),
(452, 'TAMAR', 'RAGRA BARANG', 'KURUCHUDIH'),
(453, 'TAMAR', 'RAGRA BARANG', 'JEGODAKAI'),
(454, 'TAMAR', 'RAGRA BARANG', 'BARUKANDE'),
(455, 'TAMAR', 'SARJAMDIH', 'BARLANGA'),
(456, 'BUNDU', 'RELADIH', 'RELADIH'),
(457, 'NAGRI', 'TUNDIL SOUTH', 'NAYASARAI'),
(458, 'NAGRI', 'TUNDIL SOUTH', 'TUNDIL'),
(459, 'TAMAR', 'RARGAON', 'RANGAMATI'),
(460, 'KANKE', 'NAWATOLI', 'SIMALIYA'),
(461, 'NAMKUM', 'SILWAI', 'POKHAR TOLI'),
(462, 'MANDAR', 'KHATANGA', 'KHATANGA'),
(463, 'KHALARI', 'BUKBUKA', 'NAYADHAURA'),
(464, 'TAMAR', 'ULI LOHAR', 'ULILOHAR'),
(465, 'MANDAR', 'MANDRO', 'BAJRA'),
(466, 'TAMAR', 'PUNDIDIRI', 'LOHRI'),
(467, 'ANGARA', 'HESATU', 'JALIMA'),
(468, 'KANKE', 'ARSUNDAY', 'PATRA TOLI'),
(469, 'ORMANJHI', 'CHARU', 'ROHANDI'),
(470, 'TAMAR', 'ULLI DIH', 'ULLI DIH'),
(471, 'TAMAR', 'ULLI DIH', 'RUGRI'),
(472, 'TAMAR', 'ULLI DIH', 'KOKADIH'),
(473, 'TAMAR', 'ULLI DIH', 'KARAMDIRI'),
(474, 'TAMAR', 'ULLI DIH', 'JAGAISIGU'),
(475, 'KANKE', 'PIRA', 'PIRA'),
(476, 'TAMAR', 'MANKI DIH', 'PARAMDIH'),
(477, 'TAMAR', 'MARDHAN', 'MADHU DIH'),
(478, 'TAMAR', 'MARDHAN', 'KOTHADIH'),
(479, 'TAMAR', 'MARDHAN', 'GUTIBARU'),
(480, 'TAMAR', 'MARDHAN', 'GURHA'),
(481, 'TAMAR', 'MARDHAN', 'GONDADIH'),
(482, 'TAMAR', 'MARDHAN', 'CHIRUDIH'),
(483, 'TAMAR', 'MARDHAN', 'CHAYADIH'),
(484, 'TAMAR', 'PUNDIDIRI', 'TIMPUR'),
(485, 'TAMAR', 'MANKI DIH', 'RABO'),
(486, 'TAMAR', 'MARDHAN', 'TORANGA'),
(487, 'TAMAR', 'MANKI DIH', 'MANKIDIH'),
(488, 'TAMAR', 'MANKI DIH', 'KITADIH'),
(489, 'TAMAR', 'MANKI DIH', 'GUMTI'),
(490, 'TAMAR', 'MANKI DIH', 'CHATAMSAL'),
(491, 'TAMAR', 'MANKI DIH', 'BURUSUDIH'),
(492, 'TAMAR', 'MANKI DIH', 'BURUDIH'),
(493, 'TAMAR', 'MANKI DIH', 'BANKI'),
(494, 'TAMAR', 'MANKI DIH', 'BAGHAI'),
(495, 'TAMAR', 'MANKI DIH', 'TALADIH'),
(496, 'TAMAR', 'PERAI DIH', 'JOJODIH'),
(497, 'SONAHATU', 'PANDADIH', 'PANDADIH'),
(498, 'TAMAR', 'PUNDIDIRI', 'JHARGAON'),
(499, 'TAMAR', 'PUNDIDIRI', 'JAHARTIKAR'),
(500, 'TAMAR', 'PERAI DIH', 'SARJAMDIH'),
(501, 'TAMAR', 'PERAI DIH', 'ROLABERA'),
(502, 'TAMAR', 'PERAI DIH', 'PORADIH'),
(503, 'TAMAR', 'PERAI DIH', 'PERAI DIH'),
(504, 'TAMAR', 'PERAI DIH', 'NURIDIH'),
(505, 'TAMAR', 'MARDHAN', 'MARDHAN'),
(506, 'TAMAR', 'PERAI DIH', 'KADAMDIH'),
(507, 'TAMAR', 'MARDHAN', 'ROLADIH'),
(508, 'TAMAR', 'PERAI DIH', 'JARADIH'),
(509, 'TAMAR', 'PERAI DIH', 'DUBLA'),
(510, 'TAMAR', 'PARASI', 'PARASI'),
(511, 'TAMAR', 'PARASI', 'KUTACHAULI'),
(512, 'TAMAR', 'PARASI', 'JAPNO'),
(513, 'TAMAR', 'PARASI', 'GUMANDIH'),
(514, 'TAMAR', 'MARDHAN', 'UDAY DIH'),
(515, 'TAMAR', 'PUNDIDIRI', 'PUNDIDIRI'),
(516, 'TAMAR', 'PERAI DIH', 'MURPA'),
(517, 'SILLI', 'BISRIA', 'KUCHU'),
(518, 'SILLI', 'KOCHO', 'MARDU'),
(519, 'SILLI', 'GORADIH', 'GORA DIH'),
(520, 'SILLI', 'GORADIH', 'BRAHMNI'),
(521, 'SILLI', 'DWARU', 'TUNKU'),
(522, 'SILLI', 'DWARU', 'MURHU'),
(523, 'SILLI', 'DWARU', 'GORHA'),
(524, 'SILLI', 'DWARU', 'DWARU'),
(525, 'SILLI', 'GORADIH', 'HOLONG'),
(526, 'SILLI', 'BISRIA', 'KUTAM'),
(527, 'SILLI', 'GORADIH', 'KULSUD'),
(528, 'SILLI', 'BISRIA', 'BISRIA'),
(529, 'SILLI', 'BARACHANGRU', 'NAWADIH'),
(530, 'SILLI', 'BARACHANGRU', 'BARA CHANGRU'),
(531, 'SILLI', 'BARACHANGRU', 'ARAL'),
(532, 'SILLI', 'BANTAHAJAM (WEST)', 'SHAYAM NAGAR'),
(533, 'SILLI', 'BANTAHAJAM (WEST)', 'JHABRI'),
(534, 'SILLI', 'BANTAHAJAM (WEST)', 'GARI HALMAD'),
(535, 'SILLI', 'BANTAHAJAM (WEST)', 'CHOKE SIRING'),
(536, 'SILLI', 'BISRIA', 'KUTARU'),
(537, 'SILLI', 'HALMAD', 'BHULI'),
(538, 'SONAHATU', 'SONAHATU', 'NIMDIH'),
(539, 'SILLI', 'KOCHO', 'KOCHO'),
(540, 'SILLI', 'KOCHO', 'JOBLA'),
(541, 'SILLI', 'HALMAD', 'SAHEDA'),
(542, 'SILLI', 'HALMAD', 'MISHIR HUTANG'),
(543, 'SILLI', 'HALMAD', 'JUMLA'),
(544, 'SILLI', 'HALMAD', 'JALU HUTANG'),
(545, 'SILLI', 'GORADIH', 'HESADIH'),
(546, 'SILLI', 'HALMAD', 'GAJHA'),
(547, 'SILLI', 'BANSA ROLI', 'SINGH PUR'),
(548, 'SILLI', 'HAKE DAG', 'TETE BANDA'),
(549, 'SILLI', 'HAKE DAG', 'RAMPUR'),
(550, 'SILLI', 'HAKE DAG', 'PIPER DAG'),
(551, 'SILLI', 'HAKE DAG', 'HARI DIH'),
(552, 'SILLI', 'HAKE DAG', 'HAKE DAG'),
(553, 'SILLI', 'HAKE DAG', 'GORE BIR'),
(554, 'SILLI', 'HAKE DAG', 'BANUA DIH'),
(555, 'SILLI', 'GORADIH', 'NAWA DIH'),
(556, 'SILLI', 'HALMAD', 'HALMAD'),
(557, 'RATU', 'HURHURI', 'PHETA'),
(558, 'RATU', 'PALI', 'CHITARKOTA'),
(559, 'RATU', 'LAHNA', 'MURGU'),
(560, 'RATU', 'LAHNA', 'MARIATU'),
(561, 'RATU', 'LAHNA', 'MAKHMANDRO'),
(562, 'RATU', 'LAHNA', 'LAHNA'),
(563, 'RATU', 'LAHNA', 'KANTU'),
(564, 'RATU', 'LAHNA', 'EKAGURI'),
(565, 'SILLI', 'BANTAHAJAM (WEST)', 'BANTA HAJAM (W)'),
(566, 'RATU', 'LAHNA', 'BELANGI'),
(567, 'RATU', 'PURIO', 'PARHEPAT'),
(568, 'RATU', 'HURHURI', 'HURHURI'),
(569, 'RATU', 'HURHURI', 'GUTUATOLI'),
(570, 'RATU', 'GURU', 'KOTA'),
(571, 'RATU', 'GURU', 'HETHA'),
(572, 'RATU', 'GURU', 'GURU'),
(573, 'RATU', 'GURU', 'GARRI'),
(574, 'RATU', 'GURU', 'BHONRA'),
(575, 'RATU', 'BIJULIA', 'HEHAL'),
(576, 'RATU', 'LAHNA', 'BURJU'),
(577, 'RATU', 'TARUP', 'KOKRETANR'),
(578, 'SILLI', 'KOCHO', 'NAYAK JOBLA'),
(579, 'SILLI', 'BANSA ROLI', 'LENGHATU'),
(580, 'SILLI', 'BANSA ROLI', 'JATERA'),
(581, 'SILLI', 'BANSA ROLI', 'DHOWATIKE'),
(582, 'SILLI', 'BANSA ROLI', 'BANSA ROLI'),
(583, 'RATU', 'TIGRA', 'TIGRA'),
(584, 'RATU', 'TARUP', 'USAMATU'),
(585, 'RATU', 'TARUP', 'TARUP'),
(586, 'RATU', 'PALI', 'PALI'),
(587, 'RATU', 'TARUP', 'MURCHU'),
(588, 'RATU', 'PURIO', 'MALMANRU'),
(589, 'RATU', 'TARUP', 'KANAUJ'),
(590, 'RATU', 'TARUP', 'HOCHAR'),
(591, 'RATU', 'RATU WEST', 'RATU'),
(592, 'RATU', 'RATU SOUTH', 'RATU SOUTH'),
(593, 'RATU', 'RATU NORTH', 'RATU NORTH'),
(594, 'RATU', 'RATU EAST', 'RATU EAST'),
(595, 'RATU', 'PURIO', 'PIRIYO'),
(596, 'SILLI', 'BANTAHAJAM (EAST)', 'BANTA HAJAM (E)'),
(597, 'RATU', 'TARUP', 'PATRATOLI'),
(598, 'SONAHATU', 'DULMI', 'DULMI'),
(599, 'SILLI', 'KOCHO', 'LAGAM'),
(600, 'SONAHATU', 'GOLAO', 'SAREYAD'),
(601, 'SONAHATU', 'GOLAO', 'SALBANDA'),
(602, 'SONAHATU', 'GOLAO', 'RANGADIH'),
(603, 'SONAHATU', 'GOLAO', 'GOLAO'),
(604, 'SONAHATU', 'GOLAO', 'DIRSIR'),
(605, 'SONAHATU', 'GOLAO', 'BIRGAMDIH'),
(606, 'SONAHATU', 'HARIN', 'BAREDIH'),
(607, 'SONAHATU', 'DULMI', 'MAHULDIH'),
(608, 'SONAHATU', 'HARIN', 'HARIN'),
(609, 'SONAHATU', 'DULMI', 'BONGADAR'),
(610, 'SONAHATU', 'BARENDA', 'ULIDIH'),
(611, 'SONAHATU', 'BARENDA', 'PARARIYADIH'),
(612, 'SONAHATU', 'BARENDA', 'NAPRA'),
(613, 'SONAHATU', 'BARENDA', 'MARANGKIRI'),
(614, 'SONAHATU', 'BARENDA', 'JINTUDIH'),
(615, 'SONAHATU', 'BARENDA', 'CHARKUDIH'),
(616, 'SONAHATU', 'BARENDA', 'BARENDA'),
(617, 'SONAHATU', 'DULMI', 'MANKIDIH'),
(618, 'SONAHATU', 'JAMUDAG', 'JAMUDAG'),
(619, 'SONAHATU', 'PANDADIH', 'MAHIL'),
(620, 'SONAHATU', 'PANDADIH', 'BARUHATU'),
(621, 'SONAHATU', 'LANDUPDIH', 'LANDUPDIH'),
(622, 'SONAHATU', 'JINTU', 'NAKIDIH'),
(623, 'SONAHATU', 'JINTU', 'KURIYAMU'),
(624, 'SONAHATU', 'JINTU', 'JINTU'),
(625, 'SONAHATU', 'JILING SERENG', 'KONKADIH'),
(626, 'SONAHATU', 'HARIN', 'BANKU'),
(627, 'SONAHATU', 'JAMUDAG', 'MAGANDIH'),
(628, 'SILLI', 'SILLI', 'SILLI'),
(629, 'SONAHATU', 'JAMUDAG', 'JAHIRDIH'),
(630, 'SONAHATU', 'JAMUDAG', 'IRKU'),
(631, 'SONAHATU', 'JAMUDAG', 'HESAHATU'),
(632, 'SONAHATU', 'JAMUDAG', 'CHOGA'),
(633, 'SONAHATU', 'HESADIH', 'HESADIH'),
(634, 'SONAHATU', 'HESADIH', 'CHOKAHATU'),
(635, 'SONAHATU', 'HARIN', 'LOWADIH'),
(636, 'SONAHATU', 'HARIN', 'JURGA'),
(637, 'SONAHATU', 'JILING SERENG', 'JILINGSERENG'),
(638, 'SILLI', 'LOWADAG', 'CHATAMBARI'),
(639, 'SILLI', 'MURI (WEST)', 'BABHAN DIH'),
(640, 'SILLI', 'MURI (EAST)', 'MURI'),
(641, 'SILLI', 'MURI (EAST)', 'KOKORANA'),
(642, 'SILLI', 'LOWADAG', 'SARJAM DIH'),
(643, 'SILLI', 'LOWADAG', 'PATKA'),
(644, 'SILLI', 'LOWADAG', 'MAISUDIH'),
(645, 'SILLI', 'LOWADAG', 'LOWADAG'),
(646, 'SILLI', 'TUTKI', 'TUTKI'),
(647, 'SILLI', 'LOWADAG', 'CHORDERA'),
(648, 'SILLI', 'NAGE DIH', 'AJAY GARH'),
(649, 'SILLI', 'LOWADAG', 'BARNATAR'),
(650, 'SILLI', 'LOWADAG', 'BARKITAR'),
(651, 'SILLI', 'LOTA', 'LOTA'),
(652, 'SILLI', 'LOTA', 'KITA'),
(653, 'SILLI', 'LOTA', 'KARMA'),
(654, 'SILLI', 'LOTA', 'HARWA DIH'),
(655, 'SILLI', 'KOCHO', 'SUNDIL'),
(656, 'SILLI', 'KOCHO', 'ROHAR DAG'),
(657, 'SILLI', 'LOWADAG', 'DOMENDIH'),
(658, 'SILLI', 'PISKA', 'GARGAON'),
(659, 'RATU', 'BIJULIA', 'BIJULIYA'),
(660, 'SILLI', 'PISKA', 'PISKA'),
(661, 'SILLI', 'PISKA', 'NIMUWA'),
(662, 'SILLI', 'PISKA', 'MEDNI'),
(663, 'SILLI', 'PISKA', 'LOWA DAG'),
(664, 'SILLI', 'PISKA', 'LOSERA'),
(665, 'SILLI', 'PISKA', 'LODHMU'),
(666, 'SILLI', 'PISKA', 'KUSUMTIKERA'),
(667, 'SILLI', 'MURI (WEST)', 'KASHI DIH'),
(668, 'SILLI', 'PISKA', 'JARA DIH'),
(669, 'SILLI', 'MURI (WEST)', 'TIRLA'),
(670, 'SILLI', 'PATRAHATU', 'PATERAHATU'),
(671, 'SILLI', 'PATRAHATU', 'KARIADIH'),
(672, 'SILLI', 'PATRAHATU', 'GHAGHERA'),
(673, 'SILLI', 'PATRAHATU', 'CHOTTACHANGRU'),
(674, 'SILLI', 'NAGE DIH', 'NAGE DIH'),
(675, 'SILLI', 'NAGE DIH', 'KHELARI'),
(676, 'SILLI', 'NAGE DIH', 'BURHABAHERA'),
(677, 'SILLI', 'TUTKI', 'HAHE LUPUNG'),
(678, 'SILLI', 'PISKA', 'JARU'),
(679, 'BUNDU', 'SUMANDIH', 'BURAHDIH'),
(680, 'BUNDU', 'TAIMARA', 'DAMI'),
(681, 'BUNDU', 'TAIMARA', 'DAHUDIH'),
(682, 'BUNDU', 'TAIMARA', 'BERA'),
(683, 'BUNDU', 'SUMANDIH', 'SUTILONG'),
(684, 'BUNDU', 'SUMANDIH', 'SUMANDIH'),
(685, 'BUNDU', 'SUMANDIH', 'SIRKADIH'),
(686, 'BUNDU', 'SUMANDIH', 'LEPADIH'),
(687, 'BURMU', 'BARE', 'SIDRAUL'),
(688, 'BUNDU', 'SUMANDIH', 'ERAKIYA'),
(689, 'BUNDU', 'TAIMARA', 'KOLANGHATU'),
(690, 'BUNDU', 'SUMANDIH', 'BUNDU'),
(691, 'BUNDU', 'RELADIH', 'TILAIMARCHA'),
(692, 'BUNDU', 'RELADIH', 'PARAMDIH'),
(693, 'BUNDU', 'RELADIH', 'KHUDIMADHUKAM'),
(694, 'BUNDU', 'RELADIH', 'CHITODIH'),
(695, 'BUNDU', 'RELADIH', 'BHORGADIH'),
(696, 'BUNDU', 'RELADIH', 'BAHADIH'),
(697, 'BUNDU', 'RELADIH', 'BAGHADIH'),
(698, 'BUNDU', 'SUMANDIH', 'HETHBURADIH'),
(699, 'BUNDU', 'TUNJU', 'AANEDIH'),
(700, 'BUNDU', 'BARUHATU', 'BARUHATU'),
(701, 'BURMU', 'BARE', 'KULWE'),
(702, 'BURMU', 'BARE', 'DANDIYA'),
(703, 'BURMU', 'BARE', 'BARE'),
(704, 'BUNDU', 'TUNJU', 'TUNJU'),
(705, 'BUNDU', 'TUNJU', 'PONGRA'),
(706, 'BUNDU', 'TUNJU', 'KORAMBU'),
(707, 'BUNDU', 'TUNJU', 'KARKADIH'),
(708, 'BUNDU', 'TAIMARA', 'HANJED'),
(709, 'BUNDU', 'TUNJU', 'AMJORA'),
(710, 'BUNDU', 'TAIMARA', 'HUSERHATU'),
(711, 'BUNDU', 'TAU', 'TAU'),
(712, 'BUNDU', 'TAU', 'DAMARI'),
(713, 'BUNDU', 'TAU', 'DALKIDIH'),
(714, 'BUNDU', 'TAIMARA', 'TAIMARA'),
(715, 'BUNDU', 'TAIMARA', 'PANCHA'),
(716, 'BUNDU', 'TAIMARA', 'MURGIDIH'),
(717, 'BUNDU', 'TAIMARA', 'LABGA'),
(718, 'BUNDU', 'KANCHI', 'KANCHI'),
(719, 'BUNDU', 'TUNJU', 'BAREDIH'),
(720, 'BUNDU', 'CHURGI', 'LOWAHATU'),
(721, 'BUNDU', 'KANCHI', 'PAWADIH'),
(722, 'BUNDU', 'GABHARIYA', 'JAMGAMI'),
(723, 'BUNDU', 'GABHARIYA', 'HESAPIRI'),
(724, 'BUNDU', 'GABHARIYA', 'HALLUDIH'),
(725, 'BUNDU', 'GABHARIYA', 'GHAGHRABERA'),
(726, 'BUNDU', 'GABHARIYA', 'GABHARIYA'),
(727, 'BUNDU', 'GABHARIYA', 'BHURKUNDA'),
(728, 'BUNDU', 'GABHARIYA', 'BESRADIH'),
(729, 'BUNDU', 'GABHARIYA', 'KAJIBARU'),
(730, 'BUNDU', 'CHURGI', 'PANSKAM'),
(731, 'BUNDU', 'GABHARIYA', 'KUCHIDIH'),
(732, 'BUNDU', 'CHURGI', 'CHURGI'),
(733, 'BUNDU', 'BARUHATU', 'TIRILDIHTOLI'),
(734, 'BUNDU', 'BARUHATU', 'REDA'),
(735, 'BUNDU', 'BARUHATU', 'KORDA'),
(736, 'BUNDU', 'BARUHATU', 'JILUTIKAR'),
(737, 'BUNDU', 'BARUHATU', 'HUWANGHATU'),
(738, 'BUNDU', 'BARUHATU', 'DARUHATU'),
(739, 'CHANHO', 'CHAMA', 'RAMDAGA'),
(740, 'BUNDU', 'CHURGI', 'SARJAMDIH'),
(741, 'BUNDU', 'HUMTA', 'BARUHATU'),
(742, 'BURMU', 'BURHMU', 'BANGAON'),
(743, 'BUNDU', 'KANCHI', 'GUTUHATU'),
(744, 'BUNDU', 'KANCHI', 'GOSAIDIH'),
(745, 'BUNDU', 'KANCHI', 'BURUDIH'),
(746, 'BUNDU', 'KANCHI', 'BHABHARI'),
(747, 'BUNDU', 'KANCHI', 'ALNA'),
(748, 'BUNDU', 'HUMTA', 'MADHUKAMA'),
(749, 'BUNDU', 'HUMTA', 'LOTEHATU'),
(750, 'BUNDU', 'GABHARIYA', 'KADRUDIH'),
(751, 'BUNDU', 'HUMTA', 'HUMTA'),
(752, 'BUNDU', 'KANCHI', 'NEWRI'),
(753, 'BUNDU', 'HUMTA', 'BARKOLMA'),
(754, 'BUNDU', 'GABHARIYA', 'ULIDA'),
(755, 'BUNDU', 'GABHARIYA', 'SINGHAREDIH'),
(756, 'BUNDU', 'GABHARIYA', 'ROREDIH'),
(757, 'BUNDU', 'GABHARIYA', 'RAMTOLI'),
(758, 'BUNDU', 'GABHARIYA', 'NEHALGARAH'),
(759, 'BUNDU', 'GABHARIYA', 'NAWADIH'),
(760, 'BUNDU', 'GABHARIYA', 'MOESUDIH'),
(761, 'BUNDU', 'HUMTA', 'JARIYA'),
(762, 'BURMU', 'MURUPIRI', 'MURGI'),
(763, 'BURMU', 'OJHA SARAM', 'SARAM'),
(764, 'BURMU', 'OJHA SARAM', 'OJHASARAM'),
(765, 'BURMU', 'OJHA SARAM', 'MUNA'),
(766, 'BURMU', 'OJHA SARAM', 'LOTHMANA'),
(767, 'BURMU', 'OJHA SARAM', 'KARAMBA'),
(768, 'BURMU', 'OJHA SARAM', 'ADADEWARKHAND'),
(769, 'BURMU', 'MURUPIRI', 'USKU'),
(770, 'BURMU', 'BARE', 'NAUJ'),
(771, 'BURMU', 'MURUPIRI', 'MURUPIRI'),
(772, 'BURMU', 'SARLEY', 'KANDER'),
(773, 'BURMU', 'MURUPIRI', 'KASKOMA'),
(774, 'BURMU', 'MURUPIRI', 'CHANYA'),
(775, 'BURMU', 'MAKKA', 'ULATU'),
(776, 'BURMU', 'MAKKA', 'SIRAM'),
(777, 'BURMU', 'MAKKA', 'MAKKA'),
(778, 'BURMU', 'MAKKA', 'KEDLI'),
(779, 'BURMU', 'MAKKA', 'KANADIH'),
(780, 'BURMU', 'MAKKA', 'ICHAPIRI'),
(781, 'BURMU', 'MURUPIRI', 'PATKAI'),
(782, 'BURMU', 'UMEDANDA', 'UMEDANDA'),
(783, 'CHANHO', 'CHAMA', 'CHORA'),
(784, 'CHANHO', 'CHAMA', 'CHAMRANGA'),
(785, 'CHANHO', 'CHAMA', 'CHAMA'),
(786, 'CHANHO', 'BEYASI', 'SISAI'),
(787, 'CHANHO', 'BEYASI', 'MADAI'),
(788, 'CHANHO', 'BEYASI', 'KANJGI'),
(789, 'CHANHO', 'BEYASI', 'GOKE'),
(790, 'CHANHO', 'BEYASI', 'BEYASI'),
(791, 'BURMU', 'SARLEY', 'AKTAN'),
(792, 'CHANHO', 'BALSOKARA', 'BALSOKRA'),
(793, 'BURMU', 'SARLEY', 'ARID'),
(794, 'BURMU', 'UMEDANDA', 'SOSAI'),
(795, 'BURMU', 'UMEDANDA', 'CHALNIYA (CHALANIYA)'),
(796, 'BURMU', 'UMEDANDA', 'BARKAMURU'),
(797, 'BURMU', 'UMEDANDA', 'ARUD'),
(798, 'BURMU', 'SARLEY', 'SUMU'),
(799, 'BURMU', 'SARLEY', 'SARLE'),
(800, 'BURMU', 'SARLEY', 'KOEJAM'),
(801, 'BURMU', 'KHAKHRA', 'KEWTIA'),
(802, 'CHANHO', 'BALSOKARA', 'BIRRA'),
(803, 'BURMU', 'CHAINGARHA', 'GUTRU'),
(804, 'BURMU', 'MAKKA', 'HUTPAI'),
(805, 'BURMU', 'CHAPRA', 'BINJA'),
(806, 'BURMU', 'CHAKME', 'ROL'),
(807, 'BURMU', 'CHAKME', 'MATWE'),
(808, 'BURMU', 'CHAKME', 'CHAKME'),
(809, 'BURMU', 'CHAKME', 'ARRA (ARARA)'),
(810, 'BURMU', 'CHAINGARHA', 'SALHAN'),
(811, 'BURMU', 'CHAINGARHA', 'LAWAGARA'),
(812, 'BURMU', 'CHAPRA', 'CHURUGARA'),
(813, 'BURMU', 'CHAINGARHA', 'KATANGDIRI'),
(814, 'BURMU', 'CHAPRA', 'HENDAG'),
(815, 'BURMU', 'CHAINGARHA', 'GESWE'),
(816, 'BURMU', 'CHAINGARHA', 'CHAINGARA'),
(817, 'BURMU', 'CHAINGARHA', 'ANATU'),
(818, 'BURMU', 'BURHMU', 'PIRAGUTTU'),
(819, 'BURMU', 'BURHMU', 'MURWE'),
(820, 'BURMU', 'BURHMU', 'KOTARI'),
(821, 'BURMU', 'BURHMU', 'HATNAI'),
(822, 'BURMU', 'BURHMU', 'BURMU'),
(823, 'BURMU', 'CHAINGARHA', 'KORI'),
(824, 'BURMU', 'HESALPIRI', 'HESALPIRI'),
(825, 'BUNDU', 'ADALHATU', 'SALGADIH'),
(826, 'BURMU', 'KHAKHRA', 'HISRI'),
(827, 'BURMU', 'KHAKHRA', 'BHANTBOREYA'),
(828, 'BURMU', 'KHAKHRA', 'BARAUDI'),
(829, 'BURMU', 'KHAKHRA', 'BANSRI'),
(830, 'BURMU', 'HESALPIRI', 'TURMULI'),
(831, 'BURMU', 'HESALPIRI', 'SURID'),
(832, 'BURMU', 'HESALPIRI', 'SOBA'),
(833, 'BURMU', 'CHAPRA', 'CHAPRA'),
(834, 'BURMU', 'HESALPIRI', 'KORABAR'),
(835, 'BURMU', 'KHAKHRA', 'KHAKHRA'),
(836, 'BURMU', 'HESALPIRI', 'BERWARI'),
(837, 'BURMU', 'GURGAI', 'MURUMGARA'),
(838, 'BURMU', 'GURGAI', 'MOHANPUR'),
(839, 'BURMU', 'GURGAI', 'ITHE'),
(840, 'BURMU', 'GURGAI', 'GURGAIN'),
(841, 'BURMU', 'GURGAI', 'ADRA'),
(842, 'BURMU', 'GINJOTHAKURGAON', 'THAKURGAON'),
(843, 'BURMU', 'CHAPRA', 'HERING'),
(844, 'BURMU', 'HESALPIRI', 'MANATU'),
(845, 'ANGARA', 'LUPUNG', 'HAHE'),
(846, 'ANGARA', 'PAIKA', 'PAIKA'),
(847, 'ANGARA', 'PAIKA', 'JARGA'),
(848, 'ANGARA', 'NAVAGADH', 'RANGAMATI'),
(849, 'ANGARA', 'NAVAGADH', 'OBER'),
(850, 'ANGARA', 'NAVAGADH', 'NAWAGARH'),
(851, 'ANGARA', 'NAVAGADH', 'NAVAGADHSOSO'),
(852, 'ANGARA', 'NAVAGADH', 'BARKIGAURANG'),
(853, 'BERO', 'CHACHKAPI', 'DURU'),
(854, 'ANGARA', 'LUPUNG', 'LUPUNG'),
(855, 'ANGARA', 'RAJADERA', 'RUPARU'),
(856, 'ANGARA', 'LUPUNG', 'BAHEYA'),
(857, 'ANGARA', 'JONHA', 'LAPSAR'),
(858, 'ANGARA', 'JONHA', 'JONHA'),
(859, 'ANGARA', 'JONHA', 'JIDDU'),
(860, 'ANGARA', 'JONHA', 'JARA TOLI'),
(861, 'ANGARA', 'JONHA', 'DOKAD'),
(862, 'ANGARA', 'JONHA', 'DAHUWA'),
(863, 'ANGARA', 'HESATU', 'MELGHOSA'),
(864, 'ANGARA', 'LUPUNG', 'PIRTOL'),
(865, 'ANGARA', 'SURSU', 'SINGARI'),
(866, 'BUNDU', 'BARUHATU', 'BUCHADIH'),
(867, 'BERO', 'CHACHKAPI', 'CHACHKAPI'),
(868, 'BERO', 'BERO', 'BERO'),
(869, 'BERO', 'BERO', 'BARIDIH'),
(870, 'ANGARA', 'TATI', 'TATI'),
(871, 'ANGARA', 'TATI', 'NAWADIH'),
(872, 'ANGARA', 'TATI', 'MUNGADIH'),
(873, 'ANGARA', 'TATI', 'JARADIH'),
(874, 'ANGARA', 'RAJADERA', 'DHURLETA'),
(875, 'ANGARA', 'SURSU', 'SURSU'),
(876, 'ANGARA', 'RAJADERA', 'RAJADERA'),
(877, 'ANGARA', 'SURSU', 'GUTTIDIH'),
(878, 'ANGARA', 'SIRKA', 'SIRKA'),
(879, 'ANGARA', 'SIRKA', 'MASNIYA'),
(880, 'ANGARA', 'SIRKA', 'MAHESH PUR'),
(881, 'ANGARA', 'SALHAN', 'TURUP'),
(882, 'ANGARA', 'SALHAN', 'SALHAN'),
(883, 'ANGARA', 'SALHAN', 'BER BARI'),
(884, 'ANGARA', 'HESAL', 'JAMUARI'),
(885, 'ANGARA', 'TATI', 'ARWABERA'),
(886, 'ANGARA', 'BARHADAG', 'PAHAR SINGH'),
(887, 'ANGARA', 'HESATU', 'HESATU'),
(888, 'ANGARA', 'CHILDAG', 'CHILDAG SOSO'),
(889, 'ANGARA', 'CHILDAG', 'CHILDAG'),
(890, 'ANGARA', 'CHATRA', 'CHATRA'),
(891, 'ANGARA', 'CHATRA', 'BURHIBERA'),
(892, 'ANGARA', 'BOGAI BERA', 'BOGAIBERA'),
(893, 'ANGARA', 'BOGAI BERA', 'BANPUR'),
(894, 'ANGARA', 'BISHA', 'BISHA'),
(895, 'ANGARA', 'CHILDAG', 'SIMALIYA'),
(896, 'ANGARA', 'BARHADAG', 'SITADIH'),
(897, 'ANGARA', 'GETALSUD', 'BANADAG'),
(898, 'ANGARA', 'BARHADAG', 'MUSANGU'),
(899, 'ANGARA', 'BARHADAG', 'KASIDIH'),
(900, 'ANGARA', 'BARHADAG', 'DUMAR GARI'),
(901, 'ANGARA', 'BARHADAG', 'BARWADAG'),
(902, 'ANGARA', 'BARHADAG', 'ASARI'),
(903, 'ANGARA', 'ANGARA', 'NARAYAN SOSO'),
(904, 'ANGARA', 'ANGARA', 'JANUM'),
(905, 'ANGARA', 'ANGARA', 'ANGARA'),
(906, 'ANGARA', 'BISHA', 'BETI'),
(907, 'ANGARA', 'GURIDIH', 'SARUGARI'),
(908, 'BERO', 'CHACHKAPI', 'RORA ALIAS GARHATOLI'),
(909, 'BUNDU', 'SUMANDIH', 'BICHAHATU'),
(910, 'ANGARA', 'HARATU', 'SAHEDA'),
(911, 'ANGARA', 'HARATU', 'NAGRABERA'),
(912, 'ANGARA', 'HARATU', 'LADHUP'),
(913, 'ANGARA', 'HARATU', 'JASPUR'),
(914, 'ANGARA', 'HARATU', 'HARATU'),
(915, 'ANGARA', 'HARATU', 'EDD'),
(916, 'ANGARA', 'CHILDAG', 'LALGARH'),
(917, 'ANGARA', 'HARATU', 'AGARTOLI'),
(918, 'MANDAR', 'MANDAR', 'MANDAR'),
(919, 'ANGARA', 'GURIDIH', 'MEDHA'),
(920, 'ANGARA', 'GURIDIH', 'KOYNARDIH'),
(921, 'ANGARA', 'GURIDIH', 'HESLA BERA'),
(922, 'ANGARA', 'GURIDIH', 'HAPAT BERA'),
(923, 'ANGARA', 'GURIDIH', 'GURIDIH'),
(924, 'ANGARA', 'GETALSUD', 'RESHAM'),
(925, 'ANGARA', 'GETALSUD', 'GETALSUD'),
(926, 'ANGARA', 'GETALSUD', 'BUKI'),
(927, 'ANGARA', 'HARATU', 'BAKSHIDIH'),
(928, 'BERO', 'KESHA', 'TIKRATOLI'),
(929, 'BERO', 'PURIYA', 'PURIYA'),
(930, 'BERO', 'NEHALUKAPARIYA', 'ROGO'),
(931, 'BERO', 'NEHALUKAPARIYA', 'ROGHADIHPATRATOLI'),
(932, 'BERO', 'NEHALUKAPARIYA', 'NEHALUKAPARIYA'),
(933, 'BERO', 'NEHALUKAPARIYA', 'KENAVITA'),
(934, 'BERO', 'NEHALUKAPARIYA', 'GADARI'),
(935, 'BERO', 'NEHALUKAPARIYA', 'DUMRI'),
(936, 'BERO', 'CHACHKAPI', 'CHANGANI'),
(937, 'BERO', 'KHUKHRA', 'CHANKAPI'),
(938, 'BERO', 'TERO', 'IDRI'),
(939, 'BERO', 'KESHA', 'NARI'),
(940, 'BERO', 'KESHA', 'KESA'),
(941, 'BERO', 'KARKARI', 'NARKOPI'),
(942, 'BERO', 'KARKARI', 'MAKUNDA'),
(943, 'BERO', 'KARKARI', 'KHANRDIURI'),
(944, 'BERO', 'KARKARI', 'KARKARI'),
(945, 'BERO', 'KARKARI', 'BHAINSADON'),
(946, 'BERO', 'KARANJI', 'NAGRI'),
(947, 'BERO', 'KHUKHRA', 'KHUKHRA'),
(948, 'BERO', 'TUTLO', 'ITA'),
(949, 'BUNDU', 'ADALHATU', 'JOJDA'),
(950, 'BUNDU', 'ADALHATU', 'CHITRU'),
(951, 'BUNDU', 'ADALHATU', 'CHHOTKOLMA'),
(952, 'BUNDU', 'ADALHATU', 'CHARKA PAKHNA'),
(953, 'BUNDU', 'ADALHATU', 'BANAGURU'),
(954, 'BUNDU', 'ADALHATU', 'ARRADIH'),
(955, 'BUNDU', 'ADALHATU', 'ADALHATU'),
(956, 'BERO', 'TUTLO', 'TUTLO'),
(957, 'BERO', 'PURIYA', 'SEMRA'),
(958, 'BERO', 'TUTLO', 'KOTPALI'),
(959, 'BERO', 'TERO', 'BANRI'),
(960, 'BERO', 'TUTLO', 'DARSITA'),
(961, 'BERO', 'TUTLO', 'CHAPADIH'),
(962, 'BERO', 'TUTLO', 'CHANHO'),
(963, 'BERO', 'TUTLO', 'BALIRAMPUR'),
(964, 'BERO', 'TERO', 'TERO'),
(965, 'BERO', 'TERO', 'MAHUGAON'),
(966, 'BERO', 'TERO', 'KUDARKO'),
(967, 'BERO', 'JARIYA', 'TENGRIYA'),
(968, 'BERO', 'TUTLO', 'MASIATU'),
(969, 'BERO', 'GHAGHRA', 'ASRO'),
(970, 'BERO', 'KARANJI', 'KHATRI KHATANGA'),
(971, 'BERO', 'HARIHARPUR JAMTOLI', 'BHASNANDA'),
(972, 'BERO', 'GHAGHRA', 'SUARTOLI'),
(973, 'BERO', 'GHAGHRA', 'SINGARSARAI'),
(974, 'BERO', 'GHAGHRA', 'SIJHUWA'),
(975, 'BERO', 'GHAGHRA', 'MADHUPUR'),
(976, 'BERO', 'GHAGHRA', 'KONKRE'),
(977, 'BERO', 'GHAGHRA', 'KAIRO'),
(978, 'BERO', 'HARIHARPUR JAMTOLI', 'HARHANJI'),
(979, 'BERO', 'GHAGHRA', 'DUMARDON'),
(980, 'BERO', 'HARIHARPUR JAMTOLI', 'HARIHARPUR JAMTOLI'),
(981, 'BERO', 'DORANDA', 'SERO'),
(982, 'BERO', 'DORANDA', 'KARGE'),
(983, 'BERO', 'DORANDA', 'DORANDA'),
(984, 'BERO', 'DORANDA', 'BILTI'),
(985, 'BERO', 'DORANDA', 'BAID KHIJRI'),
(986, 'BERO', 'DIGHIYA', 'TUKO'),
(987, 'BERO', 'DIGHIYA', 'TENGRIYA'),
(988, 'BERO', 'DIGHIYA', 'DIGHIYA'),
(989, 'BERO', 'GHAGHRA', 'GHAGHRA'),
(990, 'BERO', 'ITA', 'HUTRI'),
(991, 'ANGARA', 'HESAL', 'MASU'),
(992, 'BERO', 'JARIYA', 'MURAMU'),
(993, 'BERO', 'JARIYA', 'MASU'),
(994, 'BERO', 'JARIYA', 'KATARMALI'),
(995, 'BERO', 'JARIYA', 'JARIYA'),
(996, 'BERO', 'JARIYA', 'HULSI'),
(997, 'BERO', 'ITA', 'LAMKANA'),
(998, 'BERO', 'ITA', 'KHIRDA'),
(999, 'BERO', 'HARIHARPUR JAMTOLI', 'BODA'),
(1000, 'BERO', 'ITA', 'ITA'),
(1001, 'BERO', 'KARANJI', 'KARANJI'),
(1002, 'BERO', 'ITA', 'HATHU'),
(1003, 'BERO', 'ITA', 'CHILDIRI'),
(1004, 'BERO', 'ITA', 'CHARMA'),
(1005, 'BERO', 'HARIHARPUR JAMTOLI', 'PANDRA'),
(1006, 'BERO', 'HARIHARPUR JAMTOLI', 'MAHRU'),
(1007, 'BERO', 'HARIHARPUR JAMTOLI', 'JAMUNI'),
(1008, 'BERO', 'HARIHARPUR JAMTOLI', 'JAHANABAJ'),
(1009, 'BERO', 'HARIHARPUR JAMTOLI', 'HUTAR'),
(1010, 'BERO', 'ITA', 'KADOJORA'),
(1011, 'LAPUNG', 'BOKRANDA', 'GARI'),
(1012, 'KHALARI', 'MAYAPUR', 'KONKA'),
(1013, 'LAPUNG', 'DANEKERA', 'SARANGLOYA'),
(1014, 'LAPUNG', 'DANEKERA', 'PARSA'),
(1015, 'LAPUNG', 'DANEKERA', 'KOINARA'),
(1016, 'LAPUNG', 'DANEKERA', 'KATINGKELA'),
(1017, 'LAPUNG', 'DANEKERA', 'DANEKERA'),
(1018, 'LAPUNG', 'BOKRANDA', 'PABIRA'),
(1019, 'LAPUNG', 'BOKRANDA', 'LOHAGARA'),
(1020, 'LAPUNG', 'DARI', 'AKUMROMA'),
(1021, 'LAPUNG', 'BOKRANDA', 'LALGANJ'),
(1022, 'LAPUNG', 'DARI', 'DARI'),
(1023, 'LAPUNG', 'BOKRANDA', 'BARKAKURA'),
(1024, 'LAPUNG', 'BOKRANDA', 'BARAIDIH'),
(1025, 'LAPUNG', 'BOKRANDA', 'BAKRONDA'),
(1026, 'KHALARI', 'VISHRAMPUR', 'VISHRAMPUR'),
(1027, 'KHALARI', 'TUMANG', 'TUMANG'),
(1028, 'KHALARI', 'TUMANG', 'KARKATTA'),
(1029, 'KHALARI', 'RAY', 'RAY'),
(1030, 'LAPUNG', 'HULSU', 'HULSU'),
(1031, 'LAPUNG', 'BOKRANDA', 'LETE'),
(1032, 'LAPUNG', 'DEWGAWN', 'SARSA'),
(1033, 'KANKE', 'SUKURHUTU SOUTH', 'SUKURHUTU SOUTH'),
(1034, 'LAPUNG', 'DOLAICHA', 'LODHMA'),
(1035, 'LAPUNG', 'DOLAICHA', 'GARA'),
(1036, 'LAPUNG', 'DOLAICHA', 'DOLAICHA'),
(1037, 'LAPUNG', 'DOLAICHA', 'DIMBA'),
(1038, 'LAPUNG', 'DOLAICHA', 'ARMALATDAG'),
(1039, 'LAPUNG', 'DEWGAWN', 'TILAI'),
(1040, 'LAPUNG', 'DEWGAWN', 'TABERKHURD'),
(1041, 'LAPUNG', 'DANEKERA', 'SUKURHUTU'),
(1042, 'LAPUNG', 'DEWGAWN', 'SEHEDA'),
(1043, 'KHALARI', 'MAYAPUR', 'KEDAL'),
(1044, 'LAPUNG', 'DEWGAWN', 'SAKARPUR'),
(1045, 'LAPUNG', 'DEWGAWN', 'POLA'),
(1046, 'LAPUNG', 'DEWGAWN', 'DEWGAON'),
(1047, 'LAPUNG', 'DARI', 'POKTA'),
(1048, 'LAPUNG', 'DARI', 'MURUP'),
(1049, 'LAPUNG', 'DARI', 'MANRI'),
(1050, 'LAPUNG', 'DARI', 'KOISARA'),
(1051, 'LAPUNG', 'DARI', 'KARUM'),
(1052, 'LAPUNG', 'DEWGAWN', 'TABERKALAN'),
(1053, 'KANKE', 'ULATU', 'ULATU'),
(1054, 'KHALARI', 'MAYAPUR', 'MAYAPUR'),
(1055, 'KANKE', 'URGUTTU', 'MENRHI'),
(1056, 'KANKE', 'URGUTTU', 'BENTI'),
(1057, 'KANKE', 'URGUTTU', 'BAGDA'),
(1058, 'KANKE', 'UPPER KONKI', 'UPPER KONKI'),
(1059, 'KANKE', 'UPPER KONKI', 'PUSU'),
(1060, 'KANKE', 'UPPER KONKI', 'MURETHA'),
(1061, 'KANKE', 'UPPER KONKI', 'MARWA'),
(1062, 'KANKE', 'URGUTTU', 'URUGUTTU'),
(1063, 'KANKE', 'UPPER KONKI', 'CHIRUA'),
(1064, 'KHALARI', 'BAMNE', 'BABHNE (BAMNE)'),
(1065, 'KANKE', 'ULATU', 'SOSO'),
(1066, 'KANKE', 'ULATU', 'CHAULI'),
(1067, 'KANKE', 'ULATU', 'CHARDI'),
(1068, 'KANKE', 'ULATU', 'BANHORA'),
(1069, 'KANKE', 'SUNDIL', 'SUNDIL'),
(1070, 'KANKE', 'SUNDIL', 'NAVA SOSO'),
(1071, 'KANKE', 'SUNDIL', 'DHANAISOSO'),
(1072, 'KANKE', 'SUNDIL', 'CHATAKPUR'),
(1073, 'KANKE', 'UPPER KONKI', 'JIDDU'),
(1074, 'KHALARI', 'CHURI (NORTH-WEST)', 'CHURI'),
(1075, 'KHALARI', 'MAYAPUR', 'HARHU'),
(1076, 'KHALARI', 'MAYAPUR', 'DULI'),
(1077, 'KHALARI', 'LAPRA', 'NAWADIH'),
(1078, 'KHALARI', 'LAPRA', 'MAHULIYA'),
(1079, 'KHALARI', 'LAPRA', 'LAPRA'),
(1080, 'KHALARI', 'LAPRA', 'HESALANG'),
(1081, 'KHALARI', 'KHELARI', 'KHELARI'),
(1082, 'KHALARI', 'HUTAP', 'HUTAP'),
(1083, 'KANKE', 'URGUTTU', 'PATRATU'),
(1084, 'KHALARI', 'CHURI (SOUTH)', 'CHURI'),
(1085, 'LAPUNG', 'HULSU', 'JARIYA'),
(1086, 'KHALARI', 'CHURI (NORTH-EAST)', 'CHURI'),
(1087, 'KHALARI', 'CHURI (NORTH)', 'CHURI'),
(1088, 'KHALARI', 'CHURI (MIDDLE)', 'CHURI'),
(1089, 'KHALARI', 'BUKBUKA', 'HOYAR'),
(1090, 'KHALARI', 'BUKBUKA', 'CHURI'),
(1091, 'KHALARI', 'BUKBUKA', 'BUKBUKA'),
(1092, 'KHALARI', 'BAMNE', 'MANATU'),
(1093, 'KHALARI', 'BAMNE', 'DONDU'),
(1094, 'KHALARI', 'CHURI (SOUTH)', 'HOYAR'),
(1095, 'MANDAR', 'BARGARI', 'SEWADIH'),
(1096, 'MANDAR', 'BANJHILA', 'BANJHILA'),
(1097, 'MANDAR', 'KAIMBO', 'GURGURJARI'),
(1098, 'MANDAR', 'JHINJHARI', 'TOTAMBI'),
(1099, 'MANDAR', 'JHINJHARI', 'SAKARPADA'),
(1100, 'MANDAR', 'JHINJHARI', 'KORAMBE'),
(1101, 'MANDAR', 'JHINJHARI', 'JHINGHRI'),
(1102, 'MANDAR', 'BISAHAKHATANGA', 'MURKUNI'),
(1103, 'MANDAR', 'BISAHAKHATANGA', 'HARIL'),
(1104, 'MANDAR', 'KAIMBO', 'MURJULI'),
(1105, 'MANDAR', 'BISAHAKHATANGA', 'BISHAKHATANGA'),
(1106, 'MANDAR', 'KAIMBO', 'SARGAON'),
(1107, 'MANDAR', 'BARGARI', 'KESKANI'),
(1108, 'MANDAR', 'BARGARI', 'JAHER'),
(1109, 'MANDAR', 'BARGARI', 'BARGARI'),
(1110, 'MANDAR', 'BARAMBE', 'TIKOTOLI'),
(1111, 'MANDAR', 'BARAMBE', 'MALTOLI'),
(1112, 'MANDAR', 'BARAMBE', 'CHUND'),
(1113, 'MANDAR', 'BARAMBE', 'BARAMBE'),
(1114, 'LAPUNG', 'HULSU', 'CHALANGI'),
(1115, 'MANDAR', 'BISAHAKHATANGA', 'GORKHO'),
(1116, 'MANDAR', 'MAHUAJARI', 'BANDO'),
(1117, 'MANDAR', 'MALTI', 'MALTI'),
(1118, 'MANDAR', 'MANDAR', 'KATCHANCHO'),
(1119, 'ANGARA', 'HESAL', 'HESAL'),
(1120, 'CHANHO', 'CHATWAL', 'CHATWAL'),
(1121, 'MANDAR', 'MALTI', 'CHATWAL'),
(1122, 'MANDAR', 'MAHUAJARI', 'NAWATANR'),
(1123, 'MANDAR', 'MAHUAJARI', 'MAHUAJARI'),
(1124, 'MANDAR', 'MAHUAJARI', 'KANIJARI'),
(1125, 'MANDAR', 'KAIMBO', 'KAIMBO'),
(1126, 'MANDAR', 'MAHUAJARI', 'BANSJARI'),
(1127, 'LAPUNG', 'SAPUKERA', 'SOHAGI'),
(1128, 'MANDAR', 'LOYO SAKARA', 'SAKRA'),
(1129, 'MANDAR', 'LOYO SAKARA', 'LOIYO'),
(1130, 'MANDAR', 'KARGE', 'REGE'),
(1131, 'MANDAR', 'KARGE', 'KARGE'),
(1132, 'MANDAR', 'KARGE', 'HATMA'),
(1133, 'MANDAR', 'KANJIYA', 'SOSAI'),
(1134, 'MANDAR', 'KANJIYA', 'PUNGI'),
(1135, 'MANDAR', 'KANJIYA', 'KANJIYA'),
(1136, 'MANDAR', 'MAHUAJARI', 'DARJIJARI'),
(1137, 'LAPUNG', 'KAKARIYA', 'SEMLA'),
(1138, 'MANDAR', 'BANJHILA', 'BURHAKHUKHRA'),
(1139, 'LAPUNG', 'MAHUGAON', 'BANKAKERA'),
(1140, 'LAPUNG', 'LATRATU', 'TIGRA'),
(1141, 'LAPUNG', 'LATRATU', 'TETRA'),
(1142, 'LAPUNG', 'LATRATU', 'NAWATOLI'),
(1143, 'LAPUNG', 'LATRATU', 'LATRATU'),
(1144, 'LAPUNG', 'LATRATU', 'DARANDA'),
(1145, 'LAPUNG', 'LATRATU', 'DADGO'),
(1146, 'LAPUNG', 'MAHUGAON', 'CHALHA'),
(1147, 'LAPUNG', 'KAKARIYA', 'UNEKEL'),
(1148, 'LAPUNG', 'MAHUGAON', 'GUDGUD'),
(1149, 'LAPUNG', 'KAKARIYA', 'KURKURIYA'),
(1150, 'LAPUNG', 'KAKARIYA', 'KHATANGA'),
(1151, 'LAPUNG', 'KAKARIYA', 'KANDARKEL'),
(1152, 'LAPUNG', 'KAKARIYA', 'KAKARIYA'),
(1153, 'LAPUNG', 'KAKARIYA', 'DURU'),
(1154, 'LAPUNG', 'KAKARIYA', 'CHAMPADIH'),
(1155, 'LAPUNG', 'HULSU', 'ULGARA'),
(1156, 'LAPUNG', 'HULSU', 'KATHKUNWARI'),
(1157, 'LAPUNG', 'LATRATU', 'BALANDU'),
(1158, 'LAPUNG', 'MALGO', 'MALGO'),
(1159, 'LAPUNG', 'SAPUKERA', 'SAPUKERA'),
(1160, 'LAPUNG', 'SAPUKERA', 'LAPUNG'),
(1161, 'LAPUNG', 'SAPUKERA', 'KALJE'),
(1162, 'LAPUNG', 'SAPUKERA', 'GATEATOLI'),
(1163, 'LAPUNG', 'SAPUKERA', 'GARAI'),
(1164, 'LAPUNG', 'SAPUKERA', 'FATEHPUR'),
(1165, 'LAPUNG', 'SAPUKERA', 'CHANPI'),
(1166, 'LAPUNG', 'SAPUKERA', 'BARAGAIN'),
(1167, 'LAPUNG', 'MAHUGAON', 'BURHNI'),
(1168, 'LAPUNG', 'MALGO', 'PANDU'),
(1169, 'MANDAR', 'JHINJHARI', 'TATKUNDO'),
(1170, 'LAPUNG', 'MALGO', 'JHIKI'),
(1171, 'LAPUNG', 'MALGO', 'JATALOYA'),
(1172, 'LAPUNG', 'MALGO', 'BIRAMKEL'),
(1173, 'LAPUNG', 'MAHUGAON', 'TAPKARA'),
(1174, 'LAPUNG', 'MAHUGAON', 'TANGARKELA'),
(1175, 'LAPUNG', 'MAHUGAON', 'OREKEL'),
(1176, 'LAPUNG', 'MAHUGAON', 'MAHUGAON'),
(1177, 'LAPUNG', 'MAHUGAON', 'JAMAKEL'),
(1178, 'LAPUNG', 'MALGO', 'RAITOLI'),
(1179, 'CHANHO', 'TANGAR', 'TANGAR'),
(1180, 'CHANHO', 'SONS', 'SONS'),
(1181, 'ITKI', 'CHINARO PURIYO', 'LAWAGAIN'),
(1182, 'ITKI', 'CHINARO PURIYO', 'KHAMBHA'),
(1183, 'ITKI', 'CHINARO PURIYO', 'HARMU'),
(1184, 'ITKI', 'CHINARO PURIYO', 'DOLA'),
(1185, 'ITKI', 'CHINARO PURIYO', 'CHINARO'),
(1186, 'CHANHO', 'TARANGA', 'TARANGA'),
(1187, 'CHANHO', 'TARANGA', 'SOPARAM'),
(1188, 'ITKI', 'CHINARO PURIYO', 'PURIYA'),
(1189, 'CHANHO', 'TARANGA', 'HARRA'),
(1190, 'ITKI', 'CHINARO PURIYO', 'SAUKA'),
(1191, 'CHANHO', 'TANGAR', 'HUTAR'),
(1192, 'CHANHO', 'TANGAR', 'BEJANG'),
(1193, 'CHANHO', 'TALA', 'TALA'),
(1194, 'CHANHO', 'TALA', 'KARAMBO'),
(1195, 'CHANHO', 'TALA', 'KAMTA'),
(1196, 'CHANHO', 'TALA', 'HATRI'),
(1197, 'CHANHO', 'TALA', 'BADRI'),
(1198, 'KANKE', 'ARSUNDAY', 'ARSUNDAY'),
(1199, 'CHANHO', 'TARANGA', 'LEPSAR'),
(1200, 'ITKI', 'KULI', 'TILAKSUTI'),
(1201, 'ITKI', 'RANIKHATANGA', 'TURGURU'),
(1202, 'ITKI', 'RANIKHATANGA', 'RANIKHATANGA'),
(1203, 'ITKI', 'KURGI', 'TARGARI'),
(1204, 'ITKI', 'KURGI', 'SEMRA'),
(1205, 'ITKI', 'KURGI', 'PALMA'),
(1206, 'ITKI', 'KURGI', 'KURGI'),
(1207, 'ITKI', 'KUNDI', 'MALAR'),
(1208, 'ITKI', 'KUNDI', 'KUNDI'),
(1209, 'ITKI', 'CHINARO PURIYO', 'LUPUNGA'),
(1210, 'ITKI', 'KUNDI', 'BARIDIH'),
(1211, 'CHANHO', 'SONS', 'PATUK'),
(1212, 'ITKI', 'KULI', 'RANIDIH'),
(1213, 'ITKI', 'KULI', 'KULI'),
(1214, 'ITKI', 'KULI', 'BHANDRA'),
(1215, 'ITKI', 'ITKI WEST', 'ITKI WEST'),
(1216, 'ITKI', 'ITKI EAST', 'ITKITHAKURGOAN'),
(1217, 'ITKI', 'GARHAGAON', 'GARHAGAON'),
(1218, 'ITKI', 'GARHAGAON', 'CHACHGURA'),
(1219, 'ITKI', 'CHINARO PURIYO', 'SUGDA'),
(1220, 'ITKI', 'KUNDI', 'BINDHANI'),
(1221, 'CHANHO', 'KARKAT', 'RANICHANCHO'),
(1222, 'CHANHO', 'TALA', 'BACHHAU'),
(1223, 'CHANHO', 'MURTO', 'MURTO'),
(1224, 'CHANHO', 'MURTO', 'MELANI'),
(1225, 'CHANHO', 'MURTO', 'HONDPIRI'),
(1226, 'CHANHO', 'MURTO', 'CHUTYO'),
(1227, 'CHANHO', 'LUNDRI', 'SUKURHUTTE'),
(1228, 'CHANHO', 'LUNDRI', 'LUNDRI'),
(1229, 'CHANHO', 'LUNDRI', 'KATAIYA'),
(1230, 'CHANHO', 'PATRATU', 'BETLANGI'),
(1231, 'CHANHO', 'KARKAT', 'SONCHIPI'),
(1232, 'CHANHO', 'PATRATU', 'PATRATU'),
(1233, 'CHANHO', 'KARKAT', 'KARKAT'),
(1234, 'CHANHO', 'CHOREYA', 'NUNHU'),
(1235, 'CHANHO', 'CHOREYA', 'MADHUKAM'),
(1236, 'KANKE', 'SUKURHUTU NORTH', 'SUKURHUTU NORTH'),
(1237, 'CHANHO', 'CHATWAL', 'MASMANO'),
(1238, 'CHANHO', 'CHATWAL', 'PAKARIA'),
(1239, 'CHANHO', 'CHOREYA', 'CHOREYA'),
(1240, 'CHANHO', 'CHATWAL', 'RAKADIH'),
(1241, 'CHANHO', 'LUNDRI', 'BARHE'),
(1242, 'CHANHO', 'ROL (ROLA)', 'CHALIYO'),
(1243, 'CHANHO', 'SONS', 'OPA'),
(1244, 'CHANHO', 'SONS', 'LUPUNGA'),
(1245, 'CHANHO', 'SONS', 'CHANHO'),
(1246, 'CHANHO', 'SONS', 'BUCHAOPA'),
(1247, 'CHANHO', 'SILAGAI', 'SILAGAIN'),
(1248, 'CHANHO', 'SILAGAI', 'NAUDI'),
(1249, 'CHANHO', 'SILAGAI', 'HURHURI'),
(1250, 'CHANHO', 'ROL (ROLA)', 'ROL (ROLA)'),
(1251, 'CHANHO', 'PATRATU', 'ARA'),
(1252, 'CHANHO', 'ROL (ROLA)', 'GUTUA'),
(1253, 'CHANHO', 'MURTO', 'KULLU'),
(1254, 'CHANHO', 'RAGHUNATHPUR', 'RAGHUNATHPUR'),
(1255, 'CHANHO', 'RAGHUNATHPUR', 'KOKO'),
(1256, 'CHANHO', 'RAGHUNATHPUR', 'JAIPUR'),
(1257, 'CHANHO', 'RAGHUNATHPUR', 'GANESHPUR'),
(1258, 'CHANHO', 'PONDRI', 'SONRKHAP'),
(1259, 'CHANHO', 'PONDRI', 'PONDRI'),
(1260, 'CHANHO', 'PONDRI', 'LURANGI'),
(1261, 'CHANHO', 'PONDRI', 'HONHE'),
(1262, 'CHANHO', 'ROL (ROLA)', 'MAHTHATOLI'),
(1263, 'KANKE', 'KEDAL', 'GETLATU'),
(1264, 'KANKE', 'KOKODARO', 'KOKDARO'),
(1265, 'KANKE', 'KOKODARO', 'CHETAR'),
(1266, 'KANKE', 'KOKODARO', 'CHAIN KHATANGA'),
(1267, 'KANKE', 'KOKODARO', 'BALU'),
(1268, 'KANKE', 'KHATANGA', 'PIRTAUL'),
(1269, 'KANKE', 'KHATANGA', 'LALGANJ'),
(1270, 'KANKE', 'KHATANGA', 'KHATANGA'),
(1271, 'KANKE', 'JAIPUR', 'KAMTA'),
(1272, 'KANKE', 'KEDAL', 'HUMBAI'),
(1273, 'KANKE', 'MALSIRING', 'MALSIRING'),
(1274, 'KANKE', 'KATAMKULI', 'KATAMKULI'),
(1275, 'KANKE', 'KANKE WEST', 'KANKE WEST'),
(1276, 'KANKE', 'KANKE SOUTH', 'KANKE SOUTH'),
(1277, 'KANKE', 'KANKE NORTH', 'KANKE NORTH'),
(1278, 'KANKE', 'KAMRE', 'KAMRE'),
(1279, 'KANKE', 'KAMRE', 'DAHISOT'),
(1280, 'KANKE', 'KAMRE', 'BANHARA'),
(1281, 'KANKE', 'JAIPUR', 'KANGE'),
(1282, 'KANKE', 'KEDAL', 'KEDAL'),
(1283, 'KANKE', 'NEORI', 'NEORI'),
(1284, 'KANKE', 'SAT KANADU', 'BATTA KANADU'),
(1285, 'KANKE', 'SAT KANADU', 'KOLHA KANADU'),
(1286, 'KANKE', 'SAT KANADU', 'KUMHARIYA'),
(1287, 'KANKE', 'BADU', 'BADU'),
(1288, 'KANKE', 'SAT KANADU', 'SAT KANADU'),
(1289, 'KANKE', 'SIMALIYA', 'SIMALIYA'),
(1290, 'KANKE', 'RAHARA', 'SUTIAMBE'),
(1291, 'KANKE', 'RAHARA', 'RAHARA'),
(1292, 'KANKE', 'KOKODARO', 'OKHARGARHA'),
(1293, 'KANKE', 'PITHORIYA', 'PITHORIYA'),
(1294, 'KANKE', 'MALSIRING', 'KARKATA'),
(1295, 'KANKE', 'MESHRA WEST', 'MESHRA WEST'),
(1296, 'KANKE', 'MESHRA EAST', 'MESHRA'),
(1297, 'KANKE', 'MANATU', 'MANATU'),
(1298, 'KANKE', 'MANATU', 'CHERI'),
(1299, 'KANKE', 'MALSIRING', 'SIRANGO'),
(1300, 'KANKE', 'MALSIRING', 'SANGA'),
(1301, 'KANKE', 'MALSIRING', 'MANHA'),
(1302, 'KANKE', 'MANATU', 'TENDAR'),
(1303, 'KANKE', 'RAHARA', 'MADAN PUR'),
(1304, 'KANKE', 'CHANDWE', 'OYANA'),
(1305, 'KANKE', 'FUTKAL TOLI', 'PIRRA'),
(1306, 'KANKE', 'FUTKAL TOLI', 'JHIRI'),
(1307, 'KANKE', 'CHUTTU', 'PATARATU'),
(1308, 'KANKE', 'ECHAPIDHI', 'HETH KONKI'),
(1309, 'KANKE', 'JAIPUR', 'KADMA'),
(1310, 'KANKE', 'DUMAR DAGGA', 'SUGANU'),
(1311, 'KANKE', 'BADU', 'BUKARU'),
(1312, 'KANKE', 'DUMAR DAGGA', 'DUMAR DAGGA'),
(1313, 'KANKE', 'FUTKAL TOLI', 'TILTA'),
(1314, 'KANKE', 'CHUTTU', 'CHUTTU'),
(1315, 'KANKE', 'FUTKAL TOLI', 'FUTKAL TOLI'),
(1316, 'KANKE', 'CHANDWE', 'DUBLIYA ALIAS DUGLIYA'),
(1317, 'KANKE', 'CHANDWE', 'CHANDWE'),
(1318, 'KANKE', 'BODEYA', 'SANGRAMPUR'),
(1319, 'KANKE', 'MESHRA EAST', 'RUDIA'),
(1320, 'KANKE', 'BADU', 'CHAMA'),
(1321, 'KANKE', 'BODEYA', 'BODEYA'),
(1322, 'KANKE', 'BADU', 'PATAGAI'),
(1323, 'KANKE', 'BADU', 'JAMUARI'),
(1324, 'KANKE', 'CHUTTU', 'RANDO'),
(1325, 'KANKE', 'HUNDUR', 'HUNDUR'),
(1326, 'KANKE', 'JAIPUR', 'JAIPUR'),
(1327, 'KANKE', 'JAIPUR', 'GARU'),
(1328, 'KANKE', 'HUSIR', 'ROLL'),
(1329, 'KANKE', 'HUSIR', 'NAGARI'),
(1330, 'KANKE', 'HUSIR', 'HUSIR'),
(1331, 'KANKE', 'BADU', 'NAWADIH'),
(1332, 'KANKE', 'HUSIR', 'EKAMBA'),
(1333, 'KANKE', 'ECHAPIDHI', 'ECHAPIDHI'),
(1334, 'KANKE', 'HUNDUR', 'SIDHI'),
(1335, 'KANKE', 'GAGI', 'CHAMGURU'),
(1336, 'KANKE', 'HUNDUR', 'HUJIR'),
(1337, 'KANKE', 'HUNDUR', 'HALDAMA'),
(1338, 'KANKE', 'GAGI', 'GAGI'),
(1339, 'KANKE', 'HUNDUR', 'GOBAR HAPPA'),
(1340, 'KANKE', 'HUNDUR', 'CHARI'),
(1341, 'KANKE', 'HOCHAR', 'MURUM'),
(1342, 'KANKE', 'HOCHAR', 'HOCHAR'),
(1343, 'KANKE', 'GAGI', 'KHATANGA');

--
-- Indexes for dumped tables
--

--
-- Indexes for table `blocks`
--
ALTER TABLE `blocks`
  ADD PRIMARY KEY (`id`);

--
-- Indexes for table `call_nature`
--
ALTER TABLE `call_nature`
  ADD PRIMARY KEY (`id`);

--
-- Indexes for table `complaint_category`
--
ALTER TABLE `complaint_category`
  ADD PRIMARY KEY (`id`);

--
-- Indexes for table `complaint_mode`
--
ALTER TABLE `complaint_mode`
  ADD PRIMARY KEY (`id`);

--
-- Indexes for table `department`
--
ALTER TABLE `department`
  ADD PRIMARY KEY (`id`);

--
-- Indexes for table `district`
--
ALTER TABLE `district`
  ADD PRIMARY KEY (`id`);

--
-- Indexes for table `dlno`
--
ALTER TABLE `dlno`
  ADD PRIMARY KEY (`id`);

--
-- Indexes for table `feedback`
--
ALTER TABLE `feedback`
  ADD PRIMARY KEY (`id`);

--
-- Indexes for table `forward_officers`
--
ALTER TABLE `forward_officers`
  ADD PRIMARY KEY (`id`);

--
-- Indexes for table `grievance_action`
--
ALTER TABLE `grievance_action`
  ADD PRIMARY KEY (`id`);

--
-- Indexes for table `grievance_action_type`
--
ALTER TABLE `grievance_action_type`
  ADD PRIMARY KEY (`id`);

--
-- Indexes for table `grievance_category`
--
ALTER TABLE `grievance_category`
  ADD PRIMARY KEY (`id`);

--
-- Indexes for table `grievance_department`
--
ALTER TABLE `grievance_department`
  ADD PRIMARY KEY (`id`);

--
-- Indexes for table `grievence_from`
--
ALTER TABLE `grievence_from`
  ADD PRIMARY KEY (`id`);

--
-- Indexes for table `muncipility`
--
ALTER TABLE `muncipility`
  ADD PRIMARY KEY (`id`);

--
-- Indexes for table `panchayat`
--
ALTER TABLE `panchayat`
  ADD PRIMARY KEY (`id`);

--
-- Indexes for table `rural_ward`
--
ALTER TABLE `rural_ward`
  ADD PRIMARY KEY (`id`);

--
-- Indexes for table `services`
--
ALTER TABLE `services`
  ADD PRIMARY KEY (`id`);

--
-- Indexes for table `sub_communication_mode`
--
ALTER TABLE `sub_communication_mode`
  ADD PRIMARY KEY (`id`);

--
-- Indexes for table `urban_ward`
--
ALTER TABLE `urban_ward`
  ADD PRIMARY KEY (`id`);

--
-- Indexes for table `village`
--
ALTER TABLE `village`
  ADD PRIMARY KEY (`id`);

--
-- AUTO_INCREMENT for dumped tables
--

--
-- AUTO_INCREMENT for table `blocks`
--
ALTER TABLE `blocks`
  MODIFY `id` int(11) NOT NULL AUTO_INCREMENT, AUTO_INCREMENT=96;

--
-- AUTO_INCREMENT for table `call_nature`
--
ALTER TABLE `call_nature`
  MODIFY `id` int(11) NOT NULL AUTO_INCREMENT, AUTO_INCREMENT=5;

--
-- AUTO_INCREMENT for table `complaint_category`
--
ALTER TABLE `complaint_category`
  MODIFY `id` int(11) NOT NULL AUTO_INCREMENT, AUTO_INCREMENT=4;

--
-- AUTO_INCREMENT for table `complaint_mode`
--
ALTER TABLE `complaint_mode`
  MODIFY `id` int(11) NOT NULL AUTO_INCREMENT, AUTO_INCREMENT=6;

--
-- AUTO_INCREMENT for table `department`
--
ALTER TABLE `department`
  MODIFY `id` int(11) NOT NULL AUTO_INCREMENT, AUTO_INCREMENT=9;

--
-- AUTO_INCREMENT for table `district`
--
ALTER TABLE `district`
  MODIFY `id` int(11) NOT NULL AUTO_INCREMENT, AUTO_INCREMENT=2;

--
-- AUTO_INCREMENT for table `dlno`
--
ALTER TABLE `dlno`
  MODIFY `id` int(11) NOT NULL AUTO_INCREMENT, AUTO_INCREMENT=5;

--
-- AUTO_INCREMENT for table `feedback`
--
ALTER TABLE `feedback`
  MODIFY `id` int(11) NOT NULL AUTO_INCREMENT, AUTO_INCREMENT=3;

--
-- AUTO_INCREMENT for table `forward_officers`
--
ALTER TABLE `forward_officers`
  MODIFY `id` int(11) NOT NULL AUTO_INCREMENT, AUTO_INCREMENT=3;

--
-- AUTO_INCREMENT for table `grievance_action`
--
ALTER TABLE `grievance_action`
  MODIFY `id` int(11) NOT NULL AUTO_INCREMENT, AUTO_INCREMENT=3;

--
-- AUTO_INCREMENT for table `grievance_action_type`
--
ALTER TABLE `grievance_action_type`
  MODIFY `id` int(11) NOT NULL AUTO_INCREMENT, AUTO_INCREMENT=5;

--
-- AUTO_INCREMENT for table `grievance_category`
--
ALTER TABLE `grievance_category`
  MODIFY `id` int(11) NOT NULL AUTO_INCREMENT, AUTO_INCREMENT=8;

--
-- AUTO_INCREMENT for table `grievance_department`
--
ALTER TABLE `grievance_department`
  MODIFY `id` int(11) NOT NULL AUTO_INCREMENT, AUTO_INCREMENT=83;

--
-- AUTO_INCREMENT for table `grievence_from`
--
ALTER TABLE `grievence_from`
  MODIFY `id` int(11) NOT NULL AUTO_INCREMENT, AUTO_INCREMENT=42;

--
-- AUTO_INCREMENT for table `muncipility`
--
ALTER TABLE `muncipility`
  MODIFY `id` int(11) NOT NULL AUTO_INCREMENT, AUTO_INCREMENT=5;

--
-- AUTO_INCREMENT for table `panchayat`
--
ALTER TABLE `panchayat`
  MODIFY `id` int(11) NOT NULL AUTO_INCREMENT, AUTO_INCREMENT=319;

--
-- AUTO_INCREMENT for table `rural_ward`
--
ALTER TABLE `rural_ward`
  MODIFY `id` int(11) NOT NULL AUTO_INCREMENT, AUTO_INCREMENT=11;

--
-- AUTO_INCREMENT for table `services`
--
ALTER TABLE `services`
  MODIFY `id` int(11) NOT NULL AUTO_INCREMENT, AUTO_INCREMENT=14;

--
-- AUTO_INCREMENT for table `sub_communication_mode`
--
ALTER TABLE `sub_communication_mode`
  MODIFY `id` int(11) NOT NULL AUTO_INCREMENT, AUTO_INCREMENT=7;

--
-- AUTO_INCREMENT for table `urban_ward`
--
ALTER TABLE `urban_ward`
  MODIFY `id` int(11) NOT NULL AUTO_INCREMENT, AUTO_INCREMENT=81;

--
-- AUTO_INCREMENT for table `village`
--
ALTER TABLE `village`
  MODIFY `id` int(11) NOT NULL AUTO_INCREMENT, AUTO_INCREMENT=1344;
COMMIT;

